{"id":95,"date":"2024-02-24T19:33:37","date_gmt":"2024-02-24T18:33:37","guid":{"rendered":"https:\/\/amm85.fr\/?page_id=95"},"modified":"2025-02-26T17:10:35","modified_gmt":"2025-02-26T16:10:35","slug":"lile-lumineuse","status":"publish","type":"page","link":"https:\/\/amm85.fr\/index.php\/nos-realisations\/chalutiers\/lile-lumineuse\/","title":{"rendered":"L&#8217;ile lumineuse (Dominique R)"},"content":{"rendered":"\n<div style=\"height:55px\" aria-hidden=\"true\" class=\"wp-block-spacer\"><\/div>\n\n\n\n<figure class=\"wp-block-image size-large is-resized\"><img loading=\"lazy\" decoding=\"async\" width=\"1024\" height=\"768\" src=\"http:\/\/amm85.fr\/wp-content\/uploads\/2024\/03\/P2140031-1024x768.jpg\" alt=\"\" class=\"wp-image-586\" style=\"width:717px;height:auto\" srcset=\"https:\/\/amm85.fr\/wp-content\/uploads\/2024\/03\/P2140031-1024x768.jpg 1024w, https:\/\/amm85.fr\/wp-content\/uploads\/2024\/03\/P2140031-300x225.jpg 300w, https:\/\/amm85.fr\/wp-content\/uploads\/2024\/03\/P2140031-768x576.jpg 768w, https:\/\/amm85.fr\/wp-content\/uploads\/2024\/03\/P2140031-1536x1152.jpg 1536w, https:\/\/amm85.fr\/wp-content\/uploads\/2024\/03\/P2140031-2048x1536.jpg 2048w\" sizes=\"auto, (max-width: 1024px) 100vw, 1024px\" \/><\/figure>\n\n\n\n<div style=\"height:28px\" aria-hidden=\"true\" class=\"wp-block-spacer\"><\/div>\n\n\n\n<p>Mod\u00e8le commenc\u00e9 d&#8217;apr\u00e8s un plan MRB pour la coque et la cabine, pour le pont je me suis inspir\u00e9 du vrai bateau qui se trouve au port de l&#8217;\u00eele d&#8217;Ol\u00e9ron.<\/p>\n\n\n\n<div style=\"height:38px\" aria-hidden=\"true\" class=\"wp-block-spacer\"><\/div>\n\n\n\n<figure class=\"wp-block-gallery has-nested-images columns-default is-cropped wp-block-gallery-1 is-layout-flex wp-block-gallery-is-layout-flex\">\n<figure class=\"wp-block-image size-large\"><img loading=\"lazy\" decoding=\"async\" width=\"400\" height=\"345\" data-id=\"105\" src=\"https:\/\/amm85.fr\/wp-content\/uploads\/2024\/02\/03.jpg\" alt=\"\" class=\"wp-image-105\" srcset=\"https:\/\/amm85.fr\/wp-content\/uploads\/2024\/02\/03.jpg 400w, https:\/\/amm85.fr\/wp-content\/uploads\/2024\/02\/03-300x259.jpg 300w\" sizes=\"auto, (max-width: 400px) 100vw, 400px\" \/><\/figure>\n\n\n\n<figure class=\"wp-block-image size-large\"><img loading=\"lazy\" decoding=\"async\" width=\"300\" height=\"400\" data-id=\"102\" src=\"https:\/\/amm85.fr\/wp-content\/uploads\/2024\/02\/04.jpg\" alt=\"\" class=\"wp-image-102\" srcset=\"https:\/\/amm85.fr\/wp-content\/uploads\/2024\/02\/04.jpg 300w, https:\/\/amm85.fr\/wp-content\/uploads\/2024\/02\/04-225x300.jpg 225w\" sizes=\"auto, (max-width: 300px) 100vw, 300px\" \/><\/figure>\n\n\n\n<figure class=\"wp-block-image size-large\"><img loading=\"lazy\" decoding=\"async\" width=\"500\" height=\"375\" data-id=\"107\" src=\"https:\/\/amm85.fr\/wp-content\/uploads\/2024\/02\/05.jpg\" alt=\"\" class=\"wp-image-107\" srcset=\"https:\/\/amm85.fr\/wp-content\/uploads\/2024\/02\/05.jpg 500w, https:\/\/amm85.fr\/wp-content\/uploads\/2024\/02\/05-300x225.jpg 300w\" sizes=\"auto, (max-width: 500px) 100vw, 500px\" \/><\/figure>\n\n\n\n<figure class=\"wp-block-image size-large\"><img loading=\"lazy\" decoding=\"async\" width=\"500\" height=\"375\" data-id=\"104\" src=\"https:\/\/amm85.fr\/wp-content\/uploads\/2024\/02\/06.jpg\" alt=\"\" class=\"wp-image-104\" srcset=\"https:\/\/amm85.fr\/wp-content\/uploads\/2024\/02\/06.jpg 500w, https:\/\/amm85.fr\/wp-content\/uploads\/2024\/02\/06-300x225.jpg 300w\" sizes=\"auto, (max-width: 500px) 100vw, 500px\" \/><\/figure>\n\n\n\n<figure class=\"wp-block-image size-large\"><img loading=\"lazy\" decoding=\"async\" width=\"500\" height=\"375\" data-id=\"103\" src=\"https:\/\/amm85.fr\/wp-content\/uploads\/2024\/02\/07.jpg\" alt=\"\" class=\"wp-image-103\" srcset=\"https:\/\/amm85.fr\/wp-content\/uploads\/2024\/02\/07.jpg 500w, https:\/\/amm85.fr\/wp-content\/uploads\/2024\/02\/07-300x225.jpg 300w\" sizes=\"auto, (max-width: 500px) 100vw, 500px\" \/><\/figure>\n\n\n\n<figure class=\"wp-block-image size-large\"><img loading=\"lazy\" decoding=\"async\" width=\"300\" height=\"400\" data-id=\"106\" src=\"https:\/\/amm85.fr\/wp-content\/uploads\/2024\/02\/08.jpg\" alt=\"\" class=\"wp-image-106\" srcset=\"https:\/\/amm85.fr\/wp-content\/uploads\/2024\/02\/08.jpg 300w, https:\/\/amm85.fr\/wp-content\/uploads\/2024\/02\/08-225x300.jpg 225w\" sizes=\"auto, (max-width: 300px) 100vw, 300px\" \/><\/figure>\n<\/figure>\n\n\n\n<div style=\"height:59px\" aria-hidden=\"true\" class=\"wp-block-spacer\"><\/div>\n\n\n\n<figure class=\"wp-block-image size-large is-resized\"><img loading=\"lazy\" decoding=\"async\" width=\"1024\" height=\"682\" src=\"https:\/\/amm85.fr\/wp-content\/uploads\/2024\/03\/IMG_2960-1024x682.jpg\" alt=\"\" class=\"wp-image-1208\" style=\"width:698px;height:auto\" srcset=\"https:\/\/amm85.fr\/wp-content\/uploads\/2024\/03\/IMG_2960-1024x682.jpg 1024w, https:\/\/amm85.fr\/wp-content\/uploads\/2024\/03\/IMG_2960-300x200.jpg 300w, https:\/\/amm85.fr\/wp-content\/uploads\/2024\/03\/IMG_2960-768x512.jpg 768w, https:\/\/amm85.fr\/wp-content\/uploads\/2024\/03\/IMG_2960-1536x1024.jpg 1536w, https:\/\/amm85.fr\/wp-content\/uploads\/2024\/03\/IMG_2960-930x620.jpg 930w, https:\/\/amm85.fr\/wp-content\/uploads\/2024\/03\/IMG_2960.jpg 2000w\" sizes=\"auto, (max-width: 1024px) 100vw, 1024px\" \/><\/figure>\n\n\n\n<div style=\"height:100px\" aria-hidden=\"true\" class=\"wp-block-spacer\"><\/div>\n\n\n\n<p><\/p>\n","protected":false},"excerpt":{"rendered":"<p>Mod\u00e8le commenc\u00e9 d&#8217;apr\u00e8s un plan MRB pour la coque et la cabine, pour le pont je me suis inspir\u00e9 du vrai bateau qui se trouve au port de l&#8217;\u00eele d&#8217;Ol\u00e9ron.<\/p>\n","protected":false},"author":2,"featured_media":0,"parent":92,"menu_order":211,"comment_status":"closed","ping_status":"closed","template":"","meta":{"neve_meta_sidebar":"","neve_meta_container":"","neve_meta_enable_content_width":"","neve_meta_content_width":0,"neve_meta_title_alignment":"","neve_meta_author_avatar":"","neve_post_elements_order":"","neve_meta_disable_header":"","neve_meta_disable_footer":"","neve_meta_disable_title":"","footnotes":""},"class_list":["post-95","page","type-page","status-publish","hentry"],"yoast_head":"<!-- This site is optimized with the Yoast SEO plugin v26.3 - https:\/\/yoast.com\/wordpress\/plugins\/seo\/ -->\n<title>L&#039;ile lumineuse (Dominique R) - AMM85<\/title>\n<meta name=\"robots\" content=\"index, follow, max-snippet:-1, max-image-preview:large, max-video-preview:-1\" \/>\n<link rel=\"canonical\" href=\"https:\/\/amm85.fr\/index.php\/nos-realisations\/chalutiers\/lile-lumineuse\/\" \/>\n<meta property=\"og:locale\" content=\"fr_FR\" \/>\n<meta property=\"og:type\" content=\"article\" \/>\n<meta property=\"og:title\" content=\"L&#039;ile lumineuse (Dominique R) - AMM85\" \/>\n<meta property=\"og:description\" content=\"Mod\u00e8le commenc\u00e9 d&#8217;apr\u00e8s un plan MRB pour la coque et la cabine, pour le pont je me suis inspir\u00e9 du vrai bateau qui se trouve au port de l&#8217;\u00eele d&#8217;Ol\u00e9ron.\" \/>\n<meta property=\"og:url\" content=\"https:\/\/amm85.fr\/index.php\/nos-realisations\/chalutiers\/lile-lumineuse\/\" \/>\n<meta property=\"og:site_name\" content=\"AMM85\" \/>\n<meta property=\"article:modified_time\" content=\"2025-02-26T16:10:35+00:00\" \/>\n<meta property=\"og:image\" content=\"https:\/\/amm85.fr\/wp-content\/uploads\/2024\/03\/P2140031-scaled.jpg\" \/>\n\t<meta property=\"og:image:width\" content=\"2560\" \/>\n\t<meta property=\"og:image:height\" content=\"1920\" \/>\n\t<meta property=\"og:image:type\" content=\"image\/jpeg\" \/>\n<meta name=\"twitter:card\" content=\"summary_large_image\" \/>\n<meta name=\"twitter:label1\" content=\"Dur\u00e9e de lecture estim\u00e9e\" \/>\n\t<meta name=\"twitter:data1\" content=\"2 minutes\" \/>\n<script type=\"application\/ld+json\" class=\"yoast-schema-graph\">{\"@context\":\"https:\/\/schema.org\",\"@graph\":[{\"@type\":\"WebPage\",\"@id\":\"https:\/\/amm85.fr\/index.php\/nos-realisations\/chalutiers\/lile-lumineuse\/\",\"url\":\"https:\/\/amm85.fr\/index.php\/nos-realisations\/chalutiers\/lile-lumineuse\/\",\"name\":\"L'ile lumineuse (Dominique R) - AMM85\",\"isPartOf\":{\"@id\":\"https:\/\/amm85.fr\/#website\"},\"primaryImageOfPage\":{\"@id\":\"https:\/\/amm85.fr\/index.php\/nos-realisations\/chalutiers\/lile-lumineuse\/#primaryimage\"},\"image\":{\"@id\":\"https:\/\/amm85.fr\/index.php\/nos-realisations\/chalutiers\/lile-lumineuse\/#primaryimage\"},\"thumbnailUrl\":\"http:\/\/amm85.fr\/wp-content\/uploads\/2024\/03\/P2140031-1024x768.jpg\",\"datePublished\":\"2024-02-24T18:33:37+00:00\",\"dateModified\":\"2025-02-26T16:10:35+00:00\",\"breadcrumb\":{\"@id\":\"https:\/\/amm85.fr\/index.php\/nos-realisations\/chalutiers\/lile-lumineuse\/#breadcrumb\"},\"inLanguage\":\"fr-FR\",\"potentialAction\":[{\"@type\":\"ReadAction\",\"target\":[\"https:\/\/amm85.fr\/index.php\/nos-realisations\/chalutiers\/lile-lumineuse\/\"]}]},{\"@type\":\"ImageObject\",\"inLanguage\":\"fr-FR\",\"@id\":\"https:\/\/amm85.fr\/index.php\/nos-realisations\/chalutiers\/lile-lumineuse\/#primaryimage\",\"url\":\"https:\/\/amm85.fr\/wp-content\/uploads\/2024\/03\/P2140031-scaled.jpg\",\"contentUrl\":\"https:\/\/amm85.fr\/wp-content\/uploads\/2024\/03\/P2140031-scaled.jpg\",\"width\":2560,\"height\":1920},{\"@type\":\"BreadcrumbList\",\"@id\":\"https:\/\/amm85.fr\/index.php\/nos-realisations\/chalutiers\/lile-lumineuse\/#breadcrumb\",\"itemListElement\":[{\"@type\":\"ListItem\",\"position\":1,\"name\":\"Accueil\",\"item\":\"https:\/\/amm85.fr\/\"},{\"@type\":\"ListItem\",\"position\":2,\"name\":\"Nos r\u00e9alisations\",\"item\":\"https:\/\/amm85.fr\/index.php\/nos-realisations\/\"},{\"@type\":\"ListItem\",\"position\":3,\"name\":\"Navires de p\u00eache\",\"item\":\"https:\/\/amm85.fr\/index.php\/nos-realisations\/chalutiers\/\"},{\"@type\":\"ListItem\",\"position\":4,\"name\":\"L&#8217;ile lumineuse (Dominique R)\"}]},{\"@type\":\"WebSite\",\"@id\":\"https:\/\/amm85.fr\/#website\",\"url\":\"https:\/\/amm85.fr\/\",\"name\":\"AMM85\",\"description\":\"Association de mod\u00e9lisme Mothais : naval et  camion. Navigation, construction,  exposition. achards  situ\u00e9 dans la commune des Achards 85150 en Vend\u00e9e\",\"publisher\":{\"@id\":\"https:\/\/amm85.fr\/#organization\"},\"potentialAction\":[{\"@type\":\"SearchAction\",\"target\":{\"@type\":\"EntryPoint\",\"urlTemplate\":\"https:\/\/amm85.fr\/?s={search_term_string}\"},\"query-input\":{\"@type\":\"PropertyValueSpecification\",\"valueRequired\":true,\"valueName\":\"search_term_string\"}}],\"inLanguage\":\"fr-FR\"},{\"@type\":\"Organization\",\"@id\":\"https:\/\/amm85.fr\/#organization\",\"name\":\"Amicale du mod\u00e9lisme mothais\",\"url\":\"https:\/\/amm85.fr\/\",\"logo\":{\"@type\":\"ImageObject\",\"inLanguage\":\"fr-FR\",\"@id\":\"https:\/\/amm85.fr\/#\/schema\/logo\/image\/\",\"url\":\"\",\"contentUrl\":\"\",\"caption\":\"Amicale du mod\u00e9lisme mothais\"},\"image\":{\"@id\":\"https:\/\/amm85.fr\/#\/schema\/logo\/image\/\"}}]}<\/script>\n<!-- \/ Yoast SEO plugin. -->","yoast_head_json":{"title":"L'ile lumineuse (Dominique R) - AMM85","robots":{"index":"index","follow":"follow","max-snippet":"max-snippet:-1","max-image-preview":"max-image-preview:large","max-video-preview":"max-video-preview:-1"},"canonical":"https:\/\/amm85.fr\/index.php\/nos-realisations\/chalutiers\/lile-lumineuse\/","og_locale":"fr_FR","og_type":"article","og_title":"L'ile lumineuse (Dominique R) - AMM85","og_description":"Mod\u00e8le commenc\u00e9 d&#8217;apr\u00e8s un plan MRB pour la coque et la cabine, pour le pont je me suis inspir\u00e9 du vrai bateau qui se trouve au port de l&#8217;\u00eele d&#8217;Ol\u00e9ron.","og_url":"https:\/\/amm85.fr\/index.php\/nos-realisations\/chalutiers\/lile-lumineuse\/","og_site_name":"AMM85","article_modified_time":"2025-02-26T16:10:35+00:00","og_image":[{"width":2560,"height":1920,"url":"https:\/\/amm85.fr\/wp-content\/uploads\/2024\/03\/P2140031-scaled.jpg","type":"image\/jpeg"}],"twitter_card":"summary_large_image","twitter_misc":{"Dur\u00e9e de lecture estim\u00e9e":"2 minutes"},"schema":{"@context":"https:\/\/schema.org","@graph":[{"@type":"WebPage","@id":"https:\/\/amm85.fr\/index.php\/nos-realisations\/chalutiers\/lile-lumineuse\/","url":"https:\/\/amm85.fr\/index.php\/nos-realisations\/chalutiers\/lile-lumineuse\/","name":"L'ile lumineuse (Dominique R) - AMM85","isPartOf":{"@id":"https:\/\/amm85.fr\/#website"},"primaryImageOfPage":{"@id":"https:\/\/amm85.fr\/index.php\/nos-realisations\/chalutiers\/lile-lumineuse\/#primaryimage"},"image":{"@id":"https:\/\/amm85.fr\/index.php\/nos-realisations\/chalutiers\/lile-lumineuse\/#primaryimage"},"thumbnailUrl":"http:\/\/amm85.fr\/wp-content\/uploads\/2024\/03\/P2140031-1024x768.jpg","datePublished":"2024-02-24T18:33:37+00:00","dateModified":"2025-02-26T16:10:35+00:00","breadcrumb":{"@id":"https:\/\/amm85.fr\/index.php\/nos-realisations\/chalutiers\/lile-lumineuse\/#breadcrumb"},"inLanguage":"fr-FR","potentialAction":[{"@type":"ReadAction","target":["https:\/\/amm85.fr\/index.php\/nos-realisations\/chalutiers\/lile-lumineuse\/"]}]},{"@type":"ImageObject","inLanguage":"fr-FR","@id":"https:\/\/amm85.fr\/index.php\/nos-realisations\/chalutiers\/lile-lumineuse\/#primaryimage","url":"https:\/\/amm85.fr\/wp-content\/uploads\/2024\/03\/P2140031-scaled.jpg","contentUrl":"https:\/\/amm85.fr\/wp-content\/uploads\/2024\/03\/P2140031-scaled.jpg","width":2560,"height":1920},{"@type":"BreadcrumbList","@id":"https:\/\/amm85.fr\/index.php\/nos-realisations\/chalutiers\/lile-lumineuse\/#breadcrumb","itemListElement":[{"@type":"ListItem","position":1,"name":"Accueil","item":"https:\/\/amm85.fr\/"},{"@type":"ListItem","position":2,"name":"Nos r\u00e9alisations","item":"https:\/\/amm85.fr\/index.php\/nos-realisations\/"},{"@type":"ListItem","position":3,"name":"Navires de p\u00eache","item":"https:\/\/amm85.fr\/index.php\/nos-realisations\/chalutiers\/"},{"@type":"ListItem","position":4,"name":"L&#8217;ile lumineuse (Dominique R)"}]},{"@type":"WebSite","@id":"https:\/\/amm85.fr\/#website","url":"https:\/\/amm85.fr\/","name":"AMM85","description":"Association de mod\u00e9lisme Mothais : naval et  camion. Navigation, construction,  exposition. achards  situ\u00e9 dans la commune des Achards 85150 en Vend\u00e9e","publisher":{"@id":"https:\/\/amm85.fr\/#organization"},"potentialAction":[{"@type":"SearchAction","target":{"@type":"EntryPoint","urlTemplate":"https:\/\/amm85.fr\/?s={search_term_string}"},"query-input":{"@type":"PropertyValueSpecification","valueRequired":true,"valueName":"search_term_string"}}],"inLanguage":"fr-FR"},{"@type":"Organization","@id":"https:\/\/amm85.fr\/#organization","name":"Amicale du mod\u00e9lisme mothais","url":"https:\/\/amm85.fr\/","logo":{"@type":"ImageObject","inLanguage":"fr-FR","@id":"https:\/\/amm85.fr\/#\/schema\/logo\/image\/","url":"","contentUrl":"","caption":"Amicale du mod\u00e9lisme mothais"},"image":{"@id":"https:\/\/amm85.fr\/#\/schema\/logo\/image\/"}}]}},"_links":{"self":[{"href":"https:\/\/amm85.fr\/index.php\/wp-json\/wp\/v2\/pages\/95","targetHints":{"allow":["GET"]}}],"collection":[{"href":"https:\/\/amm85.fr\/index.php\/wp-json\/wp\/v2\/pages"}],"about":[{"href":"https:\/\/amm85.fr\/index.php\/wp-json\/wp\/v2\/types\/page"}],"author":[{"embeddable":true,"href":"https:\/\/amm85.fr\/index.php\/wp-json\/wp\/v2\/users\/2"}],"replies":[{"embeddable":true,"href":"https:\/\/amm85.fr\/index.php\/wp-json\/wp\/v2\/comments?post=95"}],"version-history":[{"count":10,"href":"https:\/\/amm85.fr\/index.php\/wp-json\/wp\/v2\/pages\/95\/revisions"}],"predecessor-version":[{"id":3204,"href":"https:\/\/amm85.fr\/index.php\/wp-json\/wp\/v2\/pages\/95\/revisions\/3204"}],"up":[{"embeddable":true,"href":"https:\/\/amm85.fr\/index.php\/wp-json\/wp\/v2\/pages\/92"}],"wp:attachment":[{"href":"https:\/\/amm85.fr\/index.php\/wp-json\/wp\/v2\/media?parent=95"}],"curies":[{"name":"wp","href":"https:\/\/api.w.org\/{rel}","templated":true}]}}