{"id":3263,"date":"2025-02-28T14:54:01","date_gmt":"2025-02-28T13:54:01","guid":{"rendered":"https:\/\/amm85.fr\/?page_id=3263"},"modified":"2025-02-28T14:55:13","modified_gmt":"2025-02-28T13:55:13","slug":"la-tamise-alain-b","status":"publish","type":"page","link":"https:\/\/amm85.fr\/index.php\/nos-realisations\/bateaux-vapeurs\/la-tamise-alain-b\/","title":{"rendered":"La Tamise (Alain B)"},"content":{"rendered":"\n<div style=\"height:100px\" aria-hidden=\"true\" class=\"wp-block-spacer\"><\/div>\n\n\n\n<p><br>La chaloupe \u00e0 vapeur de la Tamise est n\u00e9e dans une coque polyester d\u2019un m\u00e8tre. Elle se compose d\u2019une chaudi\u00e8re chauff\u00e9e au gaz propane regul\u00e9. La vapeur est huil\u00e9e avant de p\u00e9n\u00e9trer dans le moteur bicylindre, \u00e0 inverseur. La vapeur est ensuite d\u00e9shuil\u00e9e avant de s\u2019\u00e9chapper \u00e0 l\u2019air libre. Cinq servos sont n\u00e9cessaires pour ouvrir la vanne de gaz, pour r\u00e9guler la vanne de vapeur, pour l\u2019inversion du moteur , pour actionner le sifflet et enfin un pour le gouvernail.<\/p>\n\n\n\n<figure class=\"wp-block-gallery has-nested-images columns-default is-cropped wp-block-gallery-1 is-layout-flex wp-block-gallery-is-layout-flex\">\n<figure class=\"wp-block-image size-large\"><img loading=\"lazy\" decoding=\"async\" width=\"1024\" height=\"768\" data-id=\"3266\" src=\"https:\/\/amm85.fr\/wp-content\/uploads\/2025\/02\/1740672777068-1024x768.jpg\" alt=\"\" class=\"wp-image-3266\" srcset=\"https:\/\/amm85.fr\/wp-content\/uploads\/2025\/02\/1740672777068-1024x768.jpg 1024w, https:\/\/amm85.fr\/wp-content\/uploads\/2025\/02\/1740672777068-300x225.jpg 300w, https:\/\/amm85.fr\/wp-content\/uploads\/2025\/02\/1740672777068-768x576.jpg 768w, https:\/\/amm85.fr\/wp-content\/uploads\/2025\/02\/1740672777068-1536x1152.jpg 1536w, https:\/\/amm85.fr\/wp-content\/uploads\/2025\/02\/1740672777068.jpg 1600w\" sizes=\"auto, (max-width: 1024px) 100vw, 1024px\" \/><\/figure>\n\n\n\n<figure class=\"wp-block-image size-large\"><img loading=\"lazy\" decoding=\"async\" width=\"1024\" height=\"768\" data-id=\"3265\" src=\"https:\/\/amm85.fr\/wp-content\/uploads\/2025\/02\/1740672777073-1024x768.jpg\" alt=\"\" class=\"wp-image-3265\" srcset=\"https:\/\/amm85.fr\/wp-content\/uploads\/2025\/02\/1740672777073-1024x768.jpg 1024w, https:\/\/amm85.fr\/wp-content\/uploads\/2025\/02\/1740672777073-300x225.jpg 300w, https:\/\/amm85.fr\/wp-content\/uploads\/2025\/02\/1740672777073-768x576.jpg 768w, https:\/\/amm85.fr\/wp-content\/uploads\/2025\/02\/1740672777073-1536x1152.jpg 1536w, https:\/\/amm85.fr\/wp-content\/uploads\/2025\/02\/1740672777073.jpg 1600w\" sizes=\"auto, (max-width: 1024px) 100vw, 1024px\" \/><\/figure>\n\n\n\n<figure class=\"wp-block-image size-large\"><img loading=\"lazy\" decoding=\"async\" width=\"1024\" height=\"768\" data-id=\"3264\" src=\"https:\/\/amm85.fr\/wp-content\/uploads\/2025\/02\/1740672777078-1024x768.jpg\" alt=\"\" class=\"wp-image-3264\" srcset=\"https:\/\/amm85.fr\/wp-content\/uploads\/2025\/02\/1740672777078-1024x768.jpg 1024w, https:\/\/amm85.fr\/wp-content\/uploads\/2025\/02\/1740672777078-300x225.jpg 300w, https:\/\/amm85.fr\/wp-content\/uploads\/2025\/02\/1740672777078-768x576.jpg 768w, https:\/\/amm85.fr\/wp-content\/uploads\/2025\/02\/1740672777078-1536x1152.jpg 1536w, https:\/\/amm85.fr\/wp-content\/uploads\/2025\/02\/1740672777078.jpg 1600w\" sizes=\"auto, (max-width: 1024px) 100vw, 1024px\" \/><\/figure>\n<\/figure>\n\n\n\n<figure class=\"wp-block-gallery has-nested-images columns-default is-cropped wp-block-gallery-2 is-layout-flex wp-block-gallery-is-layout-flex\">\n<figure class=\"wp-block-image size-large\"><img loading=\"lazy\" decoding=\"async\" width=\"1024\" height=\"768\" data-id=\"3268\" src=\"https:\/\/amm85.fr\/wp-content\/uploads\/2025\/02\/1740672777081-1024x768.jpg\" alt=\"\" class=\"wp-image-3268\" srcset=\"https:\/\/amm85.fr\/wp-content\/uploads\/2025\/02\/1740672777081-1024x768.jpg 1024w, https:\/\/amm85.fr\/wp-content\/uploads\/2025\/02\/1740672777081-300x225.jpg 300w, https:\/\/amm85.fr\/wp-content\/uploads\/2025\/02\/1740672777081-768x576.jpg 768w, https:\/\/amm85.fr\/wp-content\/uploads\/2025\/02\/1740672777081-1536x1152.jpg 1536w, https:\/\/amm85.fr\/wp-content\/uploads\/2025\/02\/1740672777081.jpg 1600w\" sizes=\"auto, (max-width: 1024px) 100vw, 1024px\" \/><\/figure>\n\n\n\n<figure class=\"wp-block-image size-large\"><img loading=\"lazy\" decoding=\"async\" width=\"1024\" height=\"768\" data-id=\"3267\" src=\"https:\/\/amm85.fr\/wp-content\/uploads\/2025\/02\/1740672777095-1024x768.jpg\" alt=\"\" class=\"wp-image-3267\" srcset=\"https:\/\/amm85.fr\/wp-content\/uploads\/2025\/02\/1740672777095-1024x768.jpg 1024w, https:\/\/amm85.fr\/wp-content\/uploads\/2025\/02\/1740672777095-300x225.jpg 300w, https:\/\/amm85.fr\/wp-content\/uploads\/2025\/02\/1740672777095-768x576.jpg 768w, https:\/\/amm85.fr\/wp-content\/uploads\/2025\/02\/1740672777095-1536x1152.jpg 1536w, https:\/\/amm85.fr\/wp-content\/uploads\/2025\/02\/1740672777095.jpg 1600w\" sizes=\"auto, (max-width: 1024px) 100vw, 1024px\" \/><\/figure>\n<\/figure>\n\n\n\n<figure class=\"wp-block-gallery has-nested-images columns-default is-cropped wp-block-gallery-3 is-layout-flex wp-block-gallery-is-layout-flex\">\n<figure class=\"wp-block-image size-large\"><img loading=\"lazy\" decoding=\"async\" width=\"768\" height=\"1024\" data-id=\"3269\" src=\"https:\/\/amm85.fr\/wp-content\/uploads\/2025\/02\/1740672777089-768x1024.jpg\" alt=\"\" class=\"wp-image-3269\" srcset=\"https:\/\/amm85.fr\/wp-content\/uploads\/2025\/02\/1740672777089-768x1024.jpg 768w, https:\/\/amm85.fr\/wp-content\/uploads\/2025\/02\/1740672777089-225x300.jpg 225w, https:\/\/amm85.fr\/wp-content\/uploads\/2025\/02\/1740672777089-1152x1536.jpg 1152w, https:\/\/amm85.fr\/wp-content\/uploads\/2025\/02\/1740672777089.jpg 1200w\" sizes=\"auto, (max-width: 768px) 100vw, 768px\" \/><\/figure>\n\n\n\n<figure class=\"wp-block-image size-large\"><img loading=\"lazy\" decoding=\"async\" width=\"768\" height=\"1024\" data-id=\"3270\" src=\"https:\/\/amm85.fr\/wp-content\/uploads\/2025\/02\/1740672777101-768x1024.jpg\" alt=\"\" class=\"wp-image-3270\" srcset=\"https:\/\/amm85.fr\/wp-content\/uploads\/2025\/02\/1740672777101-768x1024.jpg 768w, https:\/\/amm85.fr\/wp-content\/uploads\/2025\/02\/1740672777101-225x300.jpg 225w, https:\/\/amm85.fr\/wp-content\/uploads\/2025\/02\/1740672777101-1152x1536.jpg 1152w, https:\/\/amm85.fr\/wp-content\/uploads\/2025\/02\/1740672777101.jpg 1200w\" sizes=\"auto, (max-width: 768px) 100vw, 768px\" \/><\/figure>\n<\/figure>\n\n\n\n<figure class=\"wp-block-gallery has-nested-images columns-default is-cropped wp-block-gallery-4 is-layout-flex wp-block-gallery-is-layout-flex\">\n<figure class=\"wp-block-image size-large\"><img loading=\"lazy\" decoding=\"async\" width=\"768\" height=\"1024\" data-id=\"3272\" src=\"https:\/\/amm85.fr\/wp-content\/uploads\/2025\/02\/1740672777107-768x1024.jpg\" alt=\"\" class=\"wp-image-3272\" srcset=\"https:\/\/amm85.fr\/wp-content\/uploads\/2025\/02\/1740672777107-768x1024.jpg 768w, https:\/\/amm85.fr\/wp-content\/uploads\/2025\/02\/1740672777107-225x300.jpg 225w, https:\/\/amm85.fr\/wp-content\/uploads\/2025\/02\/1740672777107-1152x1536.jpg 1152w, https:\/\/amm85.fr\/wp-content\/uploads\/2025\/02\/1740672777107.jpg 1200w\" sizes=\"auto, (max-width: 768px) 100vw, 768px\" \/><\/figure>\n\n\n\n<figure class=\"wp-block-image size-large\"><img loading=\"lazy\" decoding=\"async\" width=\"768\" height=\"1024\" data-id=\"3271\" src=\"https:\/\/amm85.fr\/wp-content\/uploads\/2025\/02\/1740672777111-768x1024.jpg\" alt=\"\" class=\"wp-image-3271\" srcset=\"https:\/\/amm85.fr\/wp-content\/uploads\/2025\/02\/1740672777111-768x1024.jpg 768w, https:\/\/amm85.fr\/wp-content\/uploads\/2025\/02\/1740672777111-225x300.jpg 225w, https:\/\/amm85.fr\/wp-content\/uploads\/2025\/02\/1740672777111-1152x1536.jpg 1152w, https:\/\/amm85.fr\/wp-content\/uploads\/2025\/02\/1740672777111.jpg 1200w\" sizes=\"auto, (max-width: 768px) 100vw, 768px\" \/><\/figure>\n<\/figure>\n","protected":false},"excerpt":{"rendered":"<p>La chaloupe \u00e0 vapeur de la Tamise est n\u00e9e dans une coque polyester d\u2019un m\u00e8tre. Elle se compose d\u2019une chaudi\u00e8re chauff\u00e9e au gaz propane regul\u00e9. La vapeur est huil\u00e9e avant&hellip;&nbsp;<a href=\"https:\/\/amm85.fr\/index.php\/nos-realisations\/bateaux-vapeurs\/la-tamise-alain-b\/\" rel=\"bookmark\">Lire la suite &raquo;<span class=\"screen-reader-text\">La Tamise (Alain B)<\/span><\/a><\/p>\n","protected":false},"author":2,"featured_media":0,"parent":448,"menu_order":0,"comment_status":"closed","ping_status":"closed","template":"","meta":{"neve_meta_sidebar":"","neve_meta_container":"","neve_meta_enable_content_width":"","neve_meta_content_width":0,"neve_meta_title_alignment":"","neve_meta_author_avatar":"","neve_post_elements_order":"","neve_meta_disable_header":"","neve_meta_disable_footer":"","neve_meta_disable_title":"","footnotes":""},"class_list":["post-3263","page","type-page","status-publish","hentry"],"yoast_head":"<!-- This site is optimized with the Yoast SEO plugin v26.3 - https:\/\/yoast.com\/wordpress\/plugins\/seo\/ -->\n<title>La Tamise (Alain B) - AMM85<\/title>\n<meta name=\"robots\" content=\"index, follow, max-snippet:-1, max-image-preview:large, max-video-preview:-1\" \/>\n<link rel=\"canonical\" href=\"https:\/\/amm85.fr\/index.php\/nos-realisations\/bateaux-vapeurs\/la-tamise-alain-b\/\" \/>\n<meta property=\"og:locale\" content=\"fr_FR\" \/>\n<meta property=\"og:type\" content=\"article\" \/>\n<meta property=\"og:title\" content=\"La Tamise (Alain B) - AMM85\" \/>\n<meta property=\"og:description\" content=\"La chaloupe \u00e0 vapeur de la Tamise est n\u00e9e dans une coque polyester d\u2019un m\u00e8tre. Elle se compose d\u2019une chaudi\u00e8re chauff\u00e9e au gaz propane regul\u00e9. La vapeur est huil\u00e9e avant&hellip;&nbsp;Lire la suite &raquo;La Tamise (Alain B)\" \/>\n<meta property=\"og:url\" content=\"https:\/\/amm85.fr\/index.php\/nos-realisations\/bateaux-vapeurs\/la-tamise-alain-b\/\" \/>\n<meta property=\"og:site_name\" content=\"AMM85\" \/>\n<meta property=\"article:modified_time\" content=\"2025-02-28T13:55:13+00:00\" \/>\n<meta property=\"og:image\" content=\"https:\/\/amm85.fr\/wp-content\/uploads\/2025\/02\/1740672777068.jpg\" \/>\n\t<meta property=\"og:image:width\" content=\"1600\" \/>\n\t<meta property=\"og:image:height\" content=\"1200\" \/>\n\t<meta property=\"og:image:type\" content=\"image\/jpeg\" \/>\n<meta name=\"twitter:card\" content=\"summary_large_image\" \/>\n<meta name=\"twitter:label1\" content=\"Dur\u00e9e de lecture estim\u00e9e\" \/>\n\t<meta name=\"twitter:data1\" content=\"3 minutes\" \/>\n<script type=\"application\/ld+json\" class=\"yoast-schema-graph\">{\"@context\":\"https:\/\/schema.org\",\"@graph\":[{\"@type\":\"WebPage\",\"@id\":\"https:\/\/amm85.fr\/index.php\/nos-realisations\/bateaux-vapeurs\/la-tamise-alain-b\/\",\"url\":\"https:\/\/amm85.fr\/index.php\/nos-realisations\/bateaux-vapeurs\/la-tamise-alain-b\/\",\"name\":\"La Tamise (Alain B) - AMM85\",\"isPartOf\":{\"@id\":\"https:\/\/amm85.fr\/#website\"},\"primaryImageOfPage\":{\"@id\":\"https:\/\/amm85.fr\/index.php\/nos-realisations\/bateaux-vapeurs\/la-tamise-alain-b\/#primaryimage\"},\"image\":{\"@id\":\"https:\/\/amm85.fr\/index.php\/nos-realisations\/bateaux-vapeurs\/la-tamise-alain-b\/#primaryimage\"},\"thumbnailUrl\":\"https:\/\/amm85.fr\/wp-content\/uploads\/2025\/02\/1740672777068-1024x768.jpg\",\"datePublished\":\"2025-02-28T13:54:01+00:00\",\"dateModified\":\"2025-02-28T13:55:13+00:00\",\"breadcrumb\":{\"@id\":\"https:\/\/amm85.fr\/index.php\/nos-realisations\/bateaux-vapeurs\/la-tamise-alain-b\/#breadcrumb\"},\"inLanguage\":\"fr-FR\",\"potentialAction\":[{\"@type\":\"ReadAction\",\"target\":[\"https:\/\/amm85.fr\/index.php\/nos-realisations\/bateaux-vapeurs\/la-tamise-alain-b\/\"]}]},{\"@type\":\"ImageObject\",\"inLanguage\":\"fr-FR\",\"@id\":\"https:\/\/amm85.fr\/index.php\/nos-realisations\/bateaux-vapeurs\/la-tamise-alain-b\/#primaryimage\",\"url\":\"https:\/\/amm85.fr\/wp-content\/uploads\/2025\/02\/1740672777068.jpg\",\"contentUrl\":\"https:\/\/amm85.fr\/wp-content\/uploads\/2025\/02\/1740672777068.jpg\",\"width\":1600,\"height\":1200},{\"@type\":\"BreadcrumbList\",\"@id\":\"https:\/\/amm85.fr\/index.php\/nos-realisations\/bateaux-vapeurs\/la-tamise-alain-b\/#breadcrumb\",\"itemListElement\":[{\"@type\":\"ListItem\",\"position\":1,\"name\":\"Accueil\",\"item\":\"https:\/\/amm85.fr\/\"},{\"@type\":\"ListItem\",\"position\":2,\"name\":\"Nos r\u00e9alisations\",\"item\":\"https:\/\/amm85.fr\/index.php\/nos-realisations\/\"},{\"@type\":\"ListItem\",\"position\":3,\"name\":\"Bateaux vapeurs\",\"item\":\"https:\/\/amm85.fr\/index.php\/nos-realisations\/bateaux-vapeurs\/\"},{\"@type\":\"ListItem\",\"position\":4,\"name\":\"La Tamise (Alain B)\"}]},{\"@type\":\"WebSite\",\"@id\":\"https:\/\/amm85.fr\/#website\",\"url\":\"https:\/\/amm85.fr\/\",\"name\":\"AMM85\",\"description\":\"Association de mod\u00e9lisme Mothais : naval et  camion. Navigation, construction,  exposition. achards  situ\u00e9 dans la commune des Achards 85150 en Vend\u00e9e\",\"publisher\":{\"@id\":\"https:\/\/amm85.fr\/#organization\"},\"potentialAction\":[{\"@type\":\"SearchAction\",\"target\":{\"@type\":\"EntryPoint\",\"urlTemplate\":\"https:\/\/amm85.fr\/?s={search_term_string}\"},\"query-input\":{\"@type\":\"PropertyValueSpecification\",\"valueRequired\":true,\"valueName\":\"search_term_string\"}}],\"inLanguage\":\"fr-FR\"},{\"@type\":\"Organization\",\"@id\":\"https:\/\/amm85.fr\/#organization\",\"name\":\"Amicale du mod\u00e9lisme mothais\",\"url\":\"https:\/\/amm85.fr\/\",\"logo\":{\"@type\":\"ImageObject\",\"inLanguage\":\"fr-FR\",\"@id\":\"https:\/\/amm85.fr\/#\/schema\/logo\/image\/\",\"url\":\"\",\"contentUrl\":\"\",\"caption\":\"Amicale du mod\u00e9lisme mothais\"},\"image\":{\"@id\":\"https:\/\/amm85.fr\/#\/schema\/logo\/image\/\"}}]}<\/script>\n<!-- \/ Yoast SEO plugin. -->","yoast_head_json":{"title":"La Tamise (Alain B) - AMM85","robots":{"index":"index","follow":"follow","max-snippet":"max-snippet:-1","max-image-preview":"max-image-preview:large","max-video-preview":"max-video-preview:-1"},"canonical":"https:\/\/amm85.fr\/index.php\/nos-realisations\/bateaux-vapeurs\/la-tamise-alain-b\/","og_locale":"fr_FR","og_type":"article","og_title":"La Tamise (Alain B) - AMM85","og_description":"La chaloupe \u00e0 vapeur de la Tamise est n\u00e9e dans une coque polyester d\u2019un m\u00e8tre. Elle se compose d\u2019une chaudi\u00e8re chauff\u00e9e au gaz propane regul\u00e9. La vapeur est huil\u00e9e avant&hellip;&nbsp;Lire la suite &raquo;La Tamise (Alain B)","og_url":"https:\/\/amm85.fr\/index.php\/nos-realisations\/bateaux-vapeurs\/la-tamise-alain-b\/","og_site_name":"AMM85","article_modified_time":"2025-02-28T13:55:13+00:00","og_image":[{"width":1600,"height":1200,"url":"https:\/\/amm85.fr\/wp-content\/uploads\/2025\/02\/1740672777068.jpg","type":"image\/jpeg"}],"twitter_card":"summary_large_image","twitter_misc":{"Dur\u00e9e de lecture estim\u00e9e":"3 minutes"},"schema":{"@context":"https:\/\/schema.org","@graph":[{"@type":"WebPage","@id":"https:\/\/amm85.fr\/index.php\/nos-realisations\/bateaux-vapeurs\/la-tamise-alain-b\/","url":"https:\/\/amm85.fr\/index.php\/nos-realisations\/bateaux-vapeurs\/la-tamise-alain-b\/","name":"La Tamise (Alain B) - AMM85","isPartOf":{"@id":"https:\/\/amm85.fr\/#website"},"primaryImageOfPage":{"@id":"https:\/\/amm85.fr\/index.php\/nos-realisations\/bateaux-vapeurs\/la-tamise-alain-b\/#primaryimage"},"image":{"@id":"https:\/\/amm85.fr\/index.php\/nos-realisations\/bateaux-vapeurs\/la-tamise-alain-b\/#primaryimage"},"thumbnailUrl":"https:\/\/amm85.fr\/wp-content\/uploads\/2025\/02\/1740672777068-1024x768.jpg","datePublished":"2025-02-28T13:54:01+00:00","dateModified":"2025-02-28T13:55:13+00:00","breadcrumb":{"@id":"https:\/\/amm85.fr\/index.php\/nos-realisations\/bateaux-vapeurs\/la-tamise-alain-b\/#breadcrumb"},"inLanguage":"fr-FR","potentialAction":[{"@type":"ReadAction","target":["https:\/\/amm85.fr\/index.php\/nos-realisations\/bateaux-vapeurs\/la-tamise-alain-b\/"]}]},{"@type":"ImageObject","inLanguage":"fr-FR","@id":"https:\/\/amm85.fr\/index.php\/nos-realisations\/bateaux-vapeurs\/la-tamise-alain-b\/#primaryimage","url":"https:\/\/amm85.fr\/wp-content\/uploads\/2025\/02\/1740672777068.jpg","contentUrl":"https:\/\/amm85.fr\/wp-content\/uploads\/2025\/02\/1740672777068.jpg","width":1600,"height":1200},{"@type":"BreadcrumbList","@id":"https:\/\/amm85.fr\/index.php\/nos-realisations\/bateaux-vapeurs\/la-tamise-alain-b\/#breadcrumb","itemListElement":[{"@type":"ListItem","position":1,"name":"Accueil","item":"https:\/\/amm85.fr\/"},{"@type":"ListItem","position":2,"name":"Nos r\u00e9alisations","item":"https:\/\/amm85.fr\/index.php\/nos-realisations\/"},{"@type":"ListItem","position":3,"name":"Bateaux vapeurs","item":"https:\/\/amm85.fr\/index.php\/nos-realisations\/bateaux-vapeurs\/"},{"@type":"ListItem","position":4,"name":"La Tamise (Alain B)"}]},{"@type":"WebSite","@id":"https:\/\/amm85.fr\/#website","url":"https:\/\/amm85.fr\/","name":"AMM85","description":"Association de mod\u00e9lisme Mothais : naval et  camion. Navigation, construction,  exposition. achards  situ\u00e9 dans la commune des Achards 85150 en Vend\u00e9e","publisher":{"@id":"https:\/\/amm85.fr\/#organization"},"potentialAction":[{"@type":"SearchAction","target":{"@type":"EntryPoint","urlTemplate":"https:\/\/amm85.fr\/?s={search_term_string}"},"query-input":{"@type":"PropertyValueSpecification","valueRequired":true,"valueName":"search_term_string"}}],"inLanguage":"fr-FR"},{"@type":"Organization","@id":"https:\/\/amm85.fr\/#organization","name":"Amicale du mod\u00e9lisme mothais","url":"https:\/\/amm85.fr\/","logo":{"@type":"ImageObject","inLanguage":"fr-FR","@id":"https:\/\/amm85.fr\/#\/schema\/logo\/image\/","url":"","contentUrl":"","caption":"Amicale du mod\u00e9lisme mothais"},"image":{"@id":"https:\/\/amm85.fr\/#\/schema\/logo\/image\/"}}]}},"_links":{"self":[{"href":"https:\/\/amm85.fr\/index.php\/wp-json\/wp\/v2\/pages\/3263","targetHints":{"allow":["GET"]}}],"collection":[{"href":"https:\/\/amm85.fr\/index.php\/wp-json\/wp\/v2\/pages"}],"about":[{"href":"https:\/\/amm85.fr\/index.php\/wp-json\/wp\/v2\/types\/page"}],"author":[{"embeddable":true,"href":"https:\/\/amm85.fr\/index.php\/wp-json\/wp\/v2\/users\/2"}],"replies":[{"embeddable":true,"href":"https:\/\/amm85.fr\/index.php\/wp-json\/wp\/v2\/comments?post=3263"}],"version-history":[{"count":1,"href":"https:\/\/amm85.fr\/index.php\/wp-json\/wp\/v2\/pages\/3263\/revisions"}],"predecessor-version":[{"id":3273,"href":"https:\/\/amm85.fr\/index.php\/wp-json\/wp\/v2\/pages\/3263\/revisions\/3273"}],"up":[{"embeddable":true,"href":"https:\/\/amm85.fr\/index.php\/wp-json\/wp\/v2\/pages\/448"}],"wp:attachment":[{"href":"https:\/\/amm85.fr\/index.php\/wp-json\/wp\/v2\/media?parent=3263"}],"curies":[{"name":"wp","href":"https:\/\/api.w.org\/{rel}","templated":true}]}}