{"id":3248,"date":"2025-02-28T14:45:00","date_gmt":"2025-02-28T13:45:00","guid":{"rendered":"https:\/\/amm85.fr\/?page_id=3248"},"modified":"2025-02-28T14:45:58","modified_gmt":"2025-02-28T13:45:58","slug":"laramis-alain-b","status":"publish","type":"page","link":"https:\/\/amm85.fr\/index.php\/nos-realisations\/navires-de-service\/laramis-alain-b\/","title":{"rendered":"L&#8217;Aramis (Alain B)"},"content":{"rendered":"\n<div style=\"height:100px\" aria-hidden=\"true\" class=\"wp-block-spacer\"><\/div>\n\n\n\n<p><br>Ce bateau de service est un pousseur de S\u00e2one \u00ab\u00a0Aramis\u00a0\u00bb . Cette maquette qui mesure 0,80m. est propuls\u00e9e par deux moteurs \u00e0 charbon r\u00e9duct\u00e9s de 12V. Les deux barges de 0,80m. sont en aluminium dont le fond est largement perc\u00e9 pour laisser entrer l\u2019eau pour les lester, la profondeur \u00e9tant r\u00e9gl\u00e9e par des volumes de flottabilit\u00e9. L\u2019ensemble mesure 2,40m. , p\u00e8se une centaine de kg et peut virer sur place gr\u00e2ce \u00e0 ses deux moteurs en turbine.<\/p>\n\n\n\n<figure class=\"wp-block-gallery has-nested-images columns-default is-cropped wp-block-gallery-1 is-layout-flex wp-block-gallery-is-layout-flex\">\n<figure class=\"wp-block-image size-large\"><img loading=\"lazy\" decoding=\"async\" width=\"1024\" height=\"681\" data-id=\"3251\" src=\"https:\/\/amm85.fr\/wp-content\/uploads\/2025\/02\/1740652975024-1024x681.jpg\" alt=\"\" class=\"wp-image-3251\" srcset=\"https:\/\/amm85.fr\/wp-content\/uploads\/2025\/02\/1740652975024-1024x681.jpg 1024w, https:\/\/amm85.fr\/wp-content\/uploads\/2025\/02\/1740652975024-300x200.jpg 300w, https:\/\/amm85.fr\/wp-content\/uploads\/2025\/02\/1740652975024-768x511.jpg 768w, https:\/\/amm85.fr\/wp-content\/uploads\/2025\/02\/1740652975024-1536x1021.jpg 1536w, https:\/\/amm85.fr\/wp-content\/uploads\/2025\/02\/1740652975024.jpg 1600w\" sizes=\"auto, (max-width: 1024px) 100vw, 1024px\" \/><\/figure>\n\n\n\n<figure class=\"wp-block-image size-large\"><img loading=\"lazy\" decoding=\"async\" width=\"1024\" height=\"681\" data-id=\"3250\" src=\"https:\/\/amm85.fr\/wp-content\/uploads\/2025\/02\/1740652975020-1024x681.jpg\" alt=\"\" class=\"wp-image-3250\" srcset=\"https:\/\/amm85.fr\/wp-content\/uploads\/2025\/02\/1740652975020-1024x681.jpg 1024w, https:\/\/amm85.fr\/wp-content\/uploads\/2025\/02\/1740652975020-300x200.jpg 300w, https:\/\/amm85.fr\/wp-content\/uploads\/2025\/02\/1740652975020-768x511.jpg 768w, https:\/\/amm85.fr\/wp-content\/uploads\/2025\/02\/1740652975020-1536x1021.jpg 1536w, https:\/\/amm85.fr\/wp-content\/uploads\/2025\/02\/1740652975020.jpg 1600w\" sizes=\"auto, (max-width: 1024px) 100vw, 1024px\" \/><\/figure>\n\n\n\n<figure class=\"wp-block-image size-large\"><img loading=\"lazy\" decoding=\"async\" width=\"1024\" height=\"681\" data-id=\"3249\" src=\"https:\/\/amm85.fr\/wp-content\/uploads\/2025\/02\/1740652975017-1024x681.jpg\" alt=\"\" class=\"wp-image-3249\" srcset=\"https:\/\/amm85.fr\/wp-content\/uploads\/2025\/02\/1740652975017-1024x681.jpg 1024w, https:\/\/amm85.fr\/wp-content\/uploads\/2025\/02\/1740652975017-300x200.jpg 300w, https:\/\/amm85.fr\/wp-content\/uploads\/2025\/02\/1740652975017-768x511.jpg 768w, https:\/\/amm85.fr\/wp-content\/uploads\/2025\/02\/1740652975017-1536x1021.jpg 1536w, https:\/\/amm85.fr\/wp-content\/uploads\/2025\/02\/1740652975017.jpg 1600w\" sizes=\"auto, (max-width: 1024px) 100vw, 1024px\" \/><\/figure>\n<\/figure>\n\n\n\n<figure class=\"wp-block-gallery has-nested-images columns-default is-cropped wp-block-gallery-2 is-layout-flex wp-block-gallery-is-layout-flex\">\n<figure class=\"wp-block-image size-large\"><img loading=\"lazy\" decoding=\"async\" width=\"765\" height=\"1024\" data-id=\"3252\" src=\"https:\/\/amm85.fr\/wp-content\/uploads\/2025\/02\/1740652975014-765x1024.jpg\" alt=\"\" class=\"wp-image-3252\" srcset=\"https:\/\/amm85.fr\/wp-content\/uploads\/2025\/02\/1740652975014-765x1024.jpg 765w, https:\/\/amm85.fr\/wp-content\/uploads\/2025\/02\/1740652975014-224x300.jpg 224w, https:\/\/amm85.fr\/wp-content\/uploads\/2025\/02\/1740652975014-768x1028.jpg 768w, https:\/\/amm85.fr\/wp-content\/uploads\/2025\/02\/1740652975014-1147x1536.jpg 1147w, https:\/\/amm85.fr\/wp-content\/uploads\/2025\/02\/1740652975014.jpg 1195w\" sizes=\"auto, (max-width: 765px) 100vw, 765px\" \/><\/figure>\n\n\n\n<figure class=\"wp-block-image size-large\"><img loading=\"lazy\" decoding=\"async\" width=\"768\" height=\"1024\" data-id=\"3253\" src=\"https:\/\/amm85.fr\/wp-content\/uploads\/2025\/02\/1740652975005-768x1024.jpg\" alt=\"\" class=\"wp-image-3253\" srcset=\"https:\/\/amm85.fr\/wp-content\/uploads\/2025\/02\/1740652975005-768x1024.jpg 768w, https:\/\/amm85.fr\/wp-content\/uploads\/2025\/02\/1740652975005-225x300.jpg 225w, https:\/\/amm85.fr\/wp-content\/uploads\/2025\/02\/1740652975005-1152x1536.jpg 1152w, https:\/\/amm85.fr\/wp-content\/uploads\/2025\/02\/1740652975005.jpg 1200w\" sizes=\"auto, (max-width: 768px) 100vw, 768px\" \/><\/figure>\n\n\n\n<figure class=\"wp-block-image size-large\"><img loading=\"lazy\" decoding=\"async\" width=\"768\" height=\"1024\" data-id=\"3254\" src=\"https:\/\/amm85.fr\/wp-content\/uploads\/2025\/02\/1740652974998-768x1024.jpg\" alt=\"\" class=\"wp-image-3254\" srcset=\"https:\/\/amm85.fr\/wp-content\/uploads\/2025\/02\/1740652974998-768x1024.jpg 768w, https:\/\/amm85.fr\/wp-content\/uploads\/2025\/02\/1740652974998-225x300.jpg 225w, https:\/\/amm85.fr\/wp-content\/uploads\/2025\/02\/1740652974998-1152x1536.jpg 1152w, https:\/\/amm85.fr\/wp-content\/uploads\/2025\/02\/1740652974998.jpg 1200w\" sizes=\"auto, (max-width: 768px) 100vw, 768px\" \/><\/figure>\n<\/figure>\n\n\n\n<figure class=\"wp-block-gallery has-nested-images columns-default is-cropped wp-block-gallery-3 is-layout-flex wp-block-gallery-is-layout-flex\">\n<figure class=\"wp-block-image size-large\"><img loading=\"lazy\" decoding=\"async\" width=\"1024\" height=\"768\" data-id=\"3255\" src=\"https:\/\/amm85.fr\/wp-content\/uploads\/2025\/02\/1740652975002-1024x768.jpg\" alt=\"\" class=\"wp-image-3255\" srcset=\"https:\/\/amm85.fr\/wp-content\/uploads\/2025\/02\/1740652975002-1024x768.jpg 1024w, https:\/\/amm85.fr\/wp-content\/uploads\/2025\/02\/1740652975002-300x225.jpg 300w, https:\/\/amm85.fr\/wp-content\/uploads\/2025\/02\/1740652975002-768x576.jpg 768w, https:\/\/amm85.fr\/wp-content\/uploads\/2025\/02\/1740652975002-1536x1152.jpg 1536w, https:\/\/amm85.fr\/wp-content\/uploads\/2025\/02\/1740652975002.jpg 1600w\" sizes=\"auto, (max-width: 1024px) 100vw, 1024px\" \/><\/figure>\n\n\n\n<figure class=\"wp-block-image size-large\"><img loading=\"lazy\" decoding=\"async\" width=\"1024\" height=\"681\" data-id=\"3257\" src=\"https:\/\/amm85.fr\/wp-content\/uploads\/2025\/02\/1740652975009-1024x681.jpg\" alt=\"\" class=\"wp-image-3257\" srcset=\"https:\/\/amm85.fr\/wp-content\/uploads\/2025\/02\/1740652975009-1024x681.jpg 1024w, https:\/\/amm85.fr\/wp-content\/uploads\/2025\/02\/1740652975009-300x200.jpg 300w, https:\/\/amm85.fr\/wp-content\/uploads\/2025\/02\/1740652975009-768x511.jpg 768w, https:\/\/amm85.fr\/wp-content\/uploads\/2025\/02\/1740652975009-1536x1021.jpg 1536w, https:\/\/amm85.fr\/wp-content\/uploads\/2025\/02\/1740652975009.jpg 1600w\" sizes=\"auto, (max-width: 1024px) 100vw, 1024px\" \/><\/figure>\n\n\n\n<figure class=\"wp-block-image size-large\"><img loading=\"lazy\" decoding=\"async\" width=\"1024\" height=\"765\" data-id=\"3256\" src=\"https:\/\/amm85.fr\/wp-content\/uploads\/2025\/02\/1740652974989-1024x765.jpg\" alt=\"\" class=\"wp-image-3256\" srcset=\"https:\/\/amm85.fr\/wp-content\/uploads\/2025\/02\/1740652974989-1024x765.jpg 1024w, https:\/\/amm85.fr\/wp-content\/uploads\/2025\/02\/1740652974989-300x224.jpg 300w, https:\/\/amm85.fr\/wp-content\/uploads\/2025\/02\/1740652974989-768x574.jpg 768w, https:\/\/amm85.fr\/wp-content\/uploads\/2025\/02\/1740652974989-1536x1147.jpg 1536w, https:\/\/amm85.fr\/wp-content\/uploads\/2025\/02\/1740652974989.jpg 1600w\" sizes=\"auto, (max-width: 1024px) 100vw, 1024px\" \/><\/figure>\n<\/figure>\n\n\n\n<figure class=\"wp-block-image size-large is-resized\"><img loading=\"lazy\" decoding=\"async\" width=\"765\" height=\"1024\" src=\"https:\/\/amm85.fr\/wp-content\/uploads\/2025\/02\/1740652974993-765x1024.jpg\" alt=\"\" class=\"wp-image-3258\" style=\"width:433px;height:auto\" srcset=\"https:\/\/amm85.fr\/wp-content\/uploads\/2025\/02\/1740652974993-765x1024.jpg 765w, https:\/\/amm85.fr\/wp-content\/uploads\/2025\/02\/1740652974993-224x300.jpg 224w, https:\/\/amm85.fr\/wp-content\/uploads\/2025\/02\/1740652974993-768x1028.jpg 768w, https:\/\/amm85.fr\/wp-content\/uploads\/2025\/02\/1740652974993-1147x1536.jpg 1147w, https:\/\/amm85.fr\/wp-content\/uploads\/2025\/02\/1740652974993.jpg 1195w\" sizes=\"auto, (max-width: 765px) 100vw, 765px\" \/><\/figure>\n\n\n\n<figure class=\"wp-block-gallery has-nested-images columns-default is-cropped wp-block-gallery-4 is-layout-flex wp-block-gallery-is-layout-flex\">\n<figure class=\"wp-block-image size-large\"><img loading=\"lazy\" decoding=\"async\" width=\"1024\" height=\"768\" data-id=\"3260\" src=\"https:\/\/amm85.fr\/wp-content\/uploads\/2025\/02\/1740652974978-1024x768.jpg\" alt=\"\" class=\"wp-image-3260\" srcset=\"https:\/\/amm85.fr\/wp-content\/uploads\/2025\/02\/1740652974978-1024x768.jpg 1024w, https:\/\/amm85.fr\/wp-content\/uploads\/2025\/02\/1740652974978-300x225.jpg 300w, https:\/\/amm85.fr\/wp-content\/uploads\/2025\/02\/1740652974978-768x576.jpg 768w, https:\/\/amm85.fr\/wp-content\/uploads\/2025\/02\/1740652974978-1536x1152.jpg 1536w, https:\/\/amm85.fr\/wp-content\/uploads\/2025\/02\/1740652974978.jpg 1600w\" sizes=\"auto, (max-width: 1024px) 100vw, 1024px\" \/><\/figure>\n\n\n\n<figure class=\"wp-block-image size-large\"><img loading=\"lazy\" decoding=\"async\" width=\"1024\" height=\"768\" data-id=\"3259\" src=\"https:\/\/amm85.fr\/wp-content\/uploads\/2025\/02\/1740652974983-1024x768.jpg\" alt=\"\" class=\"wp-image-3259\" srcset=\"https:\/\/amm85.fr\/wp-content\/uploads\/2025\/02\/1740652974983-1024x768.jpg 1024w, https:\/\/amm85.fr\/wp-content\/uploads\/2025\/02\/1740652974983-300x225.jpg 300w, https:\/\/amm85.fr\/wp-content\/uploads\/2025\/02\/1740652974983-768x576.jpg 768w, https:\/\/amm85.fr\/wp-content\/uploads\/2025\/02\/1740652974983-1536x1152.jpg 1536w, https:\/\/amm85.fr\/wp-content\/uploads\/2025\/02\/1740652974983.jpg 1600w\" sizes=\"auto, (max-width: 1024px) 100vw, 1024px\" \/><\/figure>\n<\/figure>\n","protected":false},"excerpt":{"rendered":"<p>Ce bateau de service est un pousseur de S\u00e2one \u00ab\u00a0Aramis\u00a0\u00bb . Cette maquette qui mesure 0,80m. est propuls\u00e9e par deux moteurs \u00e0 charbon r\u00e9duct\u00e9s de 12V. Les deux barges de&hellip;&nbsp;<a href=\"https:\/\/amm85.fr\/index.php\/nos-realisations\/navires-de-service\/laramis-alain-b\/\" rel=\"bookmark\">Lire la suite &raquo;<span class=\"screen-reader-text\">L&#8217;Aramis (Alain B)<\/span><\/a><\/p>\n","protected":false},"author":2,"featured_media":0,"parent":445,"menu_order":0,"comment_status":"closed","ping_status":"closed","template":"","meta":{"neve_meta_sidebar":"","neve_meta_container":"","neve_meta_enable_content_width":"","neve_meta_content_width":0,"neve_meta_title_alignment":"","neve_meta_author_avatar":"","neve_post_elements_order":"","neve_meta_disable_header":"","neve_meta_disable_footer":"","neve_meta_disable_title":"","footnotes":""},"class_list":["post-3248","page","type-page","status-publish","hentry"],"yoast_head":"<!-- This site is optimized with the Yoast SEO plugin v26.3 - https:\/\/yoast.com\/wordpress\/plugins\/seo\/ -->\n<title>L&#039;Aramis (Alain B) - AMM85<\/title>\n<meta name=\"robots\" content=\"index, follow, max-snippet:-1, max-image-preview:large, max-video-preview:-1\" \/>\n<link rel=\"canonical\" href=\"https:\/\/amm85.fr\/index.php\/nos-realisations\/navires-de-service\/laramis-alain-b\/\" \/>\n<meta property=\"og:locale\" content=\"fr_FR\" \/>\n<meta property=\"og:type\" content=\"article\" \/>\n<meta property=\"og:title\" content=\"L&#039;Aramis (Alain B) - AMM85\" \/>\n<meta property=\"og:description\" content=\"Ce bateau de service est un pousseur de S\u00e2one \u00ab\u00a0Aramis\u00a0\u00bb . Cette maquette qui mesure 0,80m. est propuls\u00e9e par deux moteurs \u00e0 charbon r\u00e9duct\u00e9s de 12V. Les deux barges de&hellip;&nbsp;Lire la suite &raquo;L&#8217;Aramis (Alain B)\" \/>\n<meta property=\"og:url\" content=\"https:\/\/amm85.fr\/index.php\/nos-realisations\/navires-de-service\/laramis-alain-b\/\" \/>\n<meta property=\"og:site_name\" content=\"AMM85\" \/>\n<meta property=\"article:modified_time\" content=\"2025-02-28T13:45:58+00:00\" \/>\n<meta property=\"og:image\" content=\"https:\/\/amm85.fr\/wp-content\/uploads\/2025\/02\/1740652975024.jpg\" \/>\n\t<meta property=\"og:image:width\" content=\"1600\" \/>\n\t<meta property=\"og:image:height\" content=\"1064\" \/>\n\t<meta property=\"og:image:type\" content=\"image\/jpeg\" \/>\n<meta name=\"twitter:card\" content=\"summary_large_image\" \/>\n<meta name=\"twitter:label1\" content=\"Dur\u00e9e de lecture estim\u00e9e\" \/>\n\t<meta name=\"twitter:data1\" content=\"3 minutes\" \/>\n<script type=\"application\/ld+json\" class=\"yoast-schema-graph\">{\"@context\":\"https:\/\/schema.org\",\"@graph\":[{\"@type\":\"WebPage\",\"@id\":\"https:\/\/amm85.fr\/index.php\/nos-realisations\/navires-de-service\/laramis-alain-b\/\",\"url\":\"https:\/\/amm85.fr\/index.php\/nos-realisations\/navires-de-service\/laramis-alain-b\/\",\"name\":\"L'Aramis (Alain B) - AMM85\",\"isPartOf\":{\"@id\":\"https:\/\/amm85.fr\/#website\"},\"primaryImageOfPage\":{\"@id\":\"https:\/\/amm85.fr\/index.php\/nos-realisations\/navires-de-service\/laramis-alain-b\/#primaryimage\"},\"image\":{\"@id\":\"https:\/\/amm85.fr\/index.php\/nos-realisations\/navires-de-service\/laramis-alain-b\/#primaryimage\"},\"thumbnailUrl\":\"https:\/\/amm85.fr\/wp-content\/uploads\/2025\/02\/1740652975024-1024x681.jpg\",\"datePublished\":\"2025-02-28T13:45:00+00:00\",\"dateModified\":\"2025-02-28T13:45:58+00:00\",\"breadcrumb\":{\"@id\":\"https:\/\/amm85.fr\/index.php\/nos-realisations\/navires-de-service\/laramis-alain-b\/#breadcrumb\"},\"inLanguage\":\"fr-FR\",\"potentialAction\":[{\"@type\":\"ReadAction\",\"target\":[\"https:\/\/amm85.fr\/index.php\/nos-realisations\/navires-de-service\/laramis-alain-b\/\"]}]},{\"@type\":\"ImageObject\",\"inLanguage\":\"fr-FR\",\"@id\":\"https:\/\/amm85.fr\/index.php\/nos-realisations\/navires-de-service\/laramis-alain-b\/#primaryimage\",\"url\":\"https:\/\/amm85.fr\/wp-content\/uploads\/2025\/02\/1740652975024.jpg\",\"contentUrl\":\"https:\/\/amm85.fr\/wp-content\/uploads\/2025\/02\/1740652975024.jpg\",\"width\":1600,\"height\":1064},{\"@type\":\"BreadcrumbList\",\"@id\":\"https:\/\/amm85.fr\/index.php\/nos-realisations\/navires-de-service\/laramis-alain-b\/#breadcrumb\",\"itemListElement\":[{\"@type\":\"ListItem\",\"position\":1,\"name\":\"Accueil\",\"item\":\"https:\/\/amm85.fr\/\"},{\"@type\":\"ListItem\",\"position\":2,\"name\":\"Nos r\u00e9alisations\",\"item\":\"https:\/\/amm85.fr\/index.php\/nos-realisations\/\"},{\"@type\":\"ListItem\",\"position\":3,\"name\":\"Navires de service\",\"item\":\"https:\/\/amm85.fr\/index.php\/nos-realisations\/navires-de-service\/\"},{\"@type\":\"ListItem\",\"position\":4,\"name\":\"L&#8217;Aramis (Alain B)\"}]},{\"@type\":\"WebSite\",\"@id\":\"https:\/\/amm85.fr\/#website\",\"url\":\"https:\/\/amm85.fr\/\",\"name\":\"AMM85\",\"description\":\"Association de mod\u00e9lisme Mothais : naval et  camion. Navigation, construction,  exposition. achards  situ\u00e9 dans la commune des Achards 85150 en Vend\u00e9e\",\"publisher\":{\"@id\":\"https:\/\/amm85.fr\/#organization\"},\"potentialAction\":[{\"@type\":\"SearchAction\",\"target\":{\"@type\":\"EntryPoint\",\"urlTemplate\":\"https:\/\/amm85.fr\/?s={search_term_string}\"},\"query-input\":{\"@type\":\"PropertyValueSpecification\",\"valueRequired\":true,\"valueName\":\"search_term_string\"}}],\"inLanguage\":\"fr-FR\"},{\"@type\":\"Organization\",\"@id\":\"https:\/\/amm85.fr\/#organization\",\"name\":\"Amicale du mod\u00e9lisme mothais\",\"url\":\"https:\/\/amm85.fr\/\",\"logo\":{\"@type\":\"ImageObject\",\"inLanguage\":\"fr-FR\",\"@id\":\"https:\/\/amm85.fr\/#\/schema\/logo\/image\/\",\"url\":\"\",\"contentUrl\":\"\",\"caption\":\"Amicale du mod\u00e9lisme mothais\"},\"image\":{\"@id\":\"https:\/\/amm85.fr\/#\/schema\/logo\/image\/\"}}]}<\/script>\n<!-- \/ Yoast SEO plugin. -->","yoast_head_json":{"title":"L'Aramis (Alain B) - AMM85","robots":{"index":"index","follow":"follow","max-snippet":"max-snippet:-1","max-image-preview":"max-image-preview:large","max-video-preview":"max-video-preview:-1"},"canonical":"https:\/\/amm85.fr\/index.php\/nos-realisations\/navires-de-service\/laramis-alain-b\/","og_locale":"fr_FR","og_type":"article","og_title":"L'Aramis (Alain B) - AMM85","og_description":"Ce bateau de service est un pousseur de S\u00e2one \u00ab\u00a0Aramis\u00a0\u00bb . Cette maquette qui mesure 0,80m. est propuls\u00e9e par deux moteurs \u00e0 charbon r\u00e9duct\u00e9s de 12V. Les deux barges de&hellip;&nbsp;Lire la suite &raquo;L&#8217;Aramis (Alain B)","og_url":"https:\/\/amm85.fr\/index.php\/nos-realisations\/navires-de-service\/laramis-alain-b\/","og_site_name":"AMM85","article_modified_time":"2025-02-28T13:45:58+00:00","og_image":[{"width":1600,"height":1064,"url":"https:\/\/amm85.fr\/wp-content\/uploads\/2025\/02\/1740652975024.jpg","type":"image\/jpeg"}],"twitter_card":"summary_large_image","twitter_misc":{"Dur\u00e9e de lecture estim\u00e9e":"3 minutes"},"schema":{"@context":"https:\/\/schema.org","@graph":[{"@type":"WebPage","@id":"https:\/\/amm85.fr\/index.php\/nos-realisations\/navires-de-service\/laramis-alain-b\/","url":"https:\/\/amm85.fr\/index.php\/nos-realisations\/navires-de-service\/laramis-alain-b\/","name":"L'Aramis (Alain B) - AMM85","isPartOf":{"@id":"https:\/\/amm85.fr\/#website"},"primaryImageOfPage":{"@id":"https:\/\/amm85.fr\/index.php\/nos-realisations\/navires-de-service\/laramis-alain-b\/#primaryimage"},"image":{"@id":"https:\/\/amm85.fr\/index.php\/nos-realisations\/navires-de-service\/laramis-alain-b\/#primaryimage"},"thumbnailUrl":"https:\/\/amm85.fr\/wp-content\/uploads\/2025\/02\/1740652975024-1024x681.jpg","datePublished":"2025-02-28T13:45:00+00:00","dateModified":"2025-02-28T13:45:58+00:00","breadcrumb":{"@id":"https:\/\/amm85.fr\/index.php\/nos-realisations\/navires-de-service\/laramis-alain-b\/#breadcrumb"},"inLanguage":"fr-FR","potentialAction":[{"@type":"ReadAction","target":["https:\/\/amm85.fr\/index.php\/nos-realisations\/navires-de-service\/laramis-alain-b\/"]}]},{"@type":"ImageObject","inLanguage":"fr-FR","@id":"https:\/\/amm85.fr\/index.php\/nos-realisations\/navires-de-service\/laramis-alain-b\/#primaryimage","url":"https:\/\/amm85.fr\/wp-content\/uploads\/2025\/02\/1740652975024.jpg","contentUrl":"https:\/\/amm85.fr\/wp-content\/uploads\/2025\/02\/1740652975024.jpg","width":1600,"height":1064},{"@type":"BreadcrumbList","@id":"https:\/\/amm85.fr\/index.php\/nos-realisations\/navires-de-service\/laramis-alain-b\/#breadcrumb","itemListElement":[{"@type":"ListItem","position":1,"name":"Accueil","item":"https:\/\/amm85.fr\/"},{"@type":"ListItem","position":2,"name":"Nos r\u00e9alisations","item":"https:\/\/amm85.fr\/index.php\/nos-realisations\/"},{"@type":"ListItem","position":3,"name":"Navires de service","item":"https:\/\/amm85.fr\/index.php\/nos-realisations\/navires-de-service\/"},{"@type":"ListItem","position":4,"name":"L&#8217;Aramis (Alain B)"}]},{"@type":"WebSite","@id":"https:\/\/amm85.fr\/#website","url":"https:\/\/amm85.fr\/","name":"AMM85","description":"Association de mod\u00e9lisme Mothais : naval et  camion. Navigation, construction,  exposition. achards  situ\u00e9 dans la commune des Achards 85150 en Vend\u00e9e","publisher":{"@id":"https:\/\/amm85.fr\/#organization"},"potentialAction":[{"@type":"SearchAction","target":{"@type":"EntryPoint","urlTemplate":"https:\/\/amm85.fr\/?s={search_term_string}"},"query-input":{"@type":"PropertyValueSpecification","valueRequired":true,"valueName":"search_term_string"}}],"inLanguage":"fr-FR"},{"@type":"Organization","@id":"https:\/\/amm85.fr\/#organization","name":"Amicale du mod\u00e9lisme mothais","url":"https:\/\/amm85.fr\/","logo":{"@type":"ImageObject","inLanguage":"fr-FR","@id":"https:\/\/amm85.fr\/#\/schema\/logo\/image\/","url":"","contentUrl":"","caption":"Amicale du mod\u00e9lisme mothais"},"image":{"@id":"https:\/\/amm85.fr\/#\/schema\/logo\/image\/"}}]}},"_links":{"self":[{"href":"https:\/\/amm85.fr\/index.php\/wp-json\/wp\/v2\/pages\/3248","targetHints":{"allow":["GET"]}}],"collection":[{"href":"https:\/\/amm85.fr\/index.php\/wp-json\/wp\/v2\/pages"}],"about":[{"href":"https:\/\/amm85.fr\/index.php\/wp-json\/wp\/v2\/types\/page"}],"author":[{"embeddable":true,"href":"https:\/\/amm85.fr\/index.php\/wp-json\/wp\/v2\/users\/2"}],"replies":[{"embeddable":true,"href":"https:\/\/amm85.fr\/index.php\/wp-json\/wp\/v2\/comments?post=3248"}],"version-history":[{"count":1,"href":"https:\/\/amm85.fr\/index.php\/wp-json\/wp\/v2\/pages\/3248\/revisions"}],"predecessor-version":[{"id":3261,"href":"https:\/\/amm85.fr\/index.php\/wp-json\/wp\/v2\/pages\/3248\/revisions\/3261"}],"up":[{"embeddable":true,"href":"https:\/\/amm85.fr\/index.php\/wp-json\/wp\/v2\/pages\/445"}],"wp:attachment":[{"href":"https:\/\/amm85.fr\/index.php\/wp-json\/wp\/v2\/media?parent=3248"}],"curies":[{"name":"wp","href":"https:\/\/api.w.org\/{rel}","templated":true}]}}