{"id":2554,"date":"2024-10-04T09:44:19","date_gmt":"2024-10-04T07:44:19","guid":{"rendered":"https:\/\/amm85.fr\/?page_id=2554"},"modified":"2024-10-04T11:36:09","modified_gmt":"2024-10-04T09:36:09","slug":"lifeboat","status":"publish","type":"page","link":"https:\/\/amm85.fr\/index.php\/nos-realisations\/navires-de-service\/lifeboat\/","title":{"rendered":"LIFEBOAT (Michel A.)"},"content":{"rendered":"\n<p>Lifeboat RNLI severn-class de 17,3 m mis en service en 1975, autonomie de 250 miles et vitesse de 25 n\u0153uds.<\/p>\n\n\n\n<p>C&#8217;est le plus grand de la flotte. 50 bateaux construits ou en cours de construction<\/p>\n\n\n\n<p>Le RNLI : Royal National Lifeboat institution caritative fond\u00e9e en 1824 et a un r\u00f4le similaire \u00e0 la SNSM dans les eaux Britanniques<\/p>\n\n\n\n<p><strong>Base maquette Airfix au 1\/72eme 24 cm de longueur.<\/strong><\/p>\n\n\n\n<figure class=\"wp-block-image size-large is-resized\"><img loading=\"lazy\" decoding=\"async\" width=\"1024\" height=\"669\" src=\"https:\/\/amm85.fr\/wp-content\/uploads\/2024\/10\/lifeboat-Airfix-1-1024x669.jpg\" alt=\"\" class=\"wp-image-2572\" style=\"width:469px;height:auto\" srcset=\"https:\/\/amm85.fr\/wp-content\/uploads\/2024\/10\/lifeboat-Airfix-1-1024x669.jpg 1024w, https:\/\/amm85.fr\/wp-content\/uploads\/2024\/10\/lifeboat-Airfix-1-300x196.jpg 300w, https:\/\/amm85.fr\/wp-content\/uploads\/2024\/10\/lifeboat-Airfix-1-768x502.jpg 768w, https:\/\/amm85.fr\/wp-content\/uploads\/2024\/10\/lifeboat-Airfix-1-1536x1003.jpg 1536w, https:\/\/amm85.fr\/wp-content\/uploads\/2024\/10\/lifeboat-Airfix-1-2048x1338.jpg 2048w\" sizes=\"auto, (max-width: 1024px) 100vw, 1024px\" \/><\/figure>\n\n\n\n<p>La partie \u00e9lectronique est r\u00e9alis\u00e9e avec un kit de chez <a href=\"https:\/\/makethemmove.com\/\" target=\"_blank\" rel=\"noreferrer noopener\">Make Them Move.<\/a>  <\/p>\n\n\n\n<p>Pilotable en Wifi avec un t\u00e9l\u00e9phone.  nombreuse fonctions plusieurs servo et moteurs, sons, lumi\u00e8res&#8230;<\/p>\n\n\n\n<p><\/p>\n\n\n\n<figure class=\"wp-block-image size-large is-resized\"><img loading=\"lazy\" decoding=\"async\" width=\"1024\" height=\"768\" src=\"https:\/\/amm85.fr\/wp-content\/uploads\/2024\/10\/lifeboat-SERVOS-1-1024x768.jpg\" alt=\"\" class=\"wp-image-2573\" style=\"width:864px;height:auto\" srcset=\"https:\/\/amm85.fr\/wp-content\/uploads\/2024\/10\/lifeboat-SERVOS-1-1024x768.jpg 1024w, https:\/\/amm85.fr\/wp-content\/uploads\/2024\/10\/lifeboat-SERVOS-1-300x225.jpg 300w, https:\/\/amm85.fr\/wp-content\/uploads\/2024\/10\/lifeboat-SERVOS-1-768x576.jpg 768w, https:\/\/amm85.fr\/wp-content\/uploads\/2024\/10\/lifeboat-SERVOS-1-1536x1152.jpg 1536w, https:\/\/amm85.fr\/wp-content\/uploads\/2024\/10\/lifeboat-SERVOS-1-2048x1536.jpg 2048w\" sizes=\"auto, (max-width: 1024px) 100vw, 1024px\" \/><\/figure>\n\n\n\n<p>Vue des servos et des arbres d&#8217;h\u00e9lices. j&#8217;ai utiliser une technique diff\u00e9rentes pour l&#8217;\u00e9chant\u00e9it\u00e9 que celle de Make  Them Move , mais je ne suis pas sur qu&#8217;elle soit aussi efficace.<\/p>\n\n\n\n<figure class=\"wp-block-gallery has-nested-images columns-default is-cropped wp-block-gallery-1 is-layout-flex wp-block-gallery-is-layout-flex\">\n<figure class=\"wp-block-image size-large\"><img loading=\"lazy\" decoding=\"async\" width=\"681\" height=\"1024\" data-id=\"2580\" src=\"https:\/\/amm85.fr\/wp-content\/uploads\/2024\/10\/lifeboat-av-ferme-1-681x1024.jpg\" alt=\"\" class=\"wp-image-2580\" srcset=\"https:\/\/amm85.fr\/wp-content\/uploads\/2024\/10\/lifeboat-av-ferme-1-681x1024.jpg 681w, https:\/\/amm85.fr\/wp-content\/uploads\/2024\/10\/lifeboat-av-ferme-1-200x300.jpg 200w, https:\/\/amm85.fr\/wp-content\/uploads\/2024\/10\/lifeboat-av-ferme-1-768x1155.jpg 768w, https:\/\/amm85.fr\/wp-content\/uploads\/2024\/10\/lifeboat-av-ferme-1-1021x1536.jpg 1021w, https:\/\/amm85.fr\/wp-content\/uploads\/2024\/10\/lifeboat-av-ferme-1.jpg 1225w\" sizes=\"auto, (max-width: 681px) 100vw, 681px\" \/><\/figure>\n\n\n\n<figure class=\"wp-block-image size-large\"><img loading=\"lazy\" decoding=\"async\" width=\"702\" height=\"1024\" data-id=\"2579\" src=\"https:\/\/amm85.fr\/wp-content\/uploads\/2024\/10\/lifeboat-connect-702x1024.jpg\" alt=\"\" class=\"wp-image-2579\" srcset=\"https:\/\/amm85.fr\/wp-content\/uploads\/2024\/10\/lifeboat-connect-702x1024.jpg 702w, https:\/\/amm85.fr\/wp-content\/uploads\/2024\/10\/lifeboat-connect-206x300.jpg 206w, https:\/\/amm85.fr\/wp-content\/uploads\/2024\/10\/lifeboat-connect-768x1121.jpg 768w, https:\/\/amm85.fr\/wp-content\/uploads\/2024\/10\/lifeboat-connect.jpg 971w\" sizes=\"auto, (max-width: 702px) 100vw, 702px\" \/><\/figure>\n<\/figure>\n\n\n\n<p>Vue de l&#8217;int\u00e9rieur et vue de des prises USB ainsi que de l&#8217;interrupteur.       <\/p>\n\n\n\n<figure class=\"wp-block-image size-large is-resized\"><img loading=\"lazy\" decoding=\"async\" width=\"1024\" height=\"834\" src=\"https:\/\/amm85.fr\/wp-content\/uploads\/2024\/10\/lifeboat-cabine-1024x834.jpg\" alt=\"\" class=\"wp-image-2581\" style=\"width:744px;height:auto\" srcset=\"https:\/\/amm85.fr\/wp-content\/uploads\/2024\/10\/lifeboat-cabine-1024x834.jpg 1024w, https:\/\/amm85.fr\/wp-content\/uploads\/2024\/10\/lifeboat-cabine-300x244.jpg 300w, https:\/\/amm85.fr\/wp-content\/uploads\/2024\/10\/lifeboat-cabine-768x625.jpg 768w, https:\/\/amm85.fr\/wp-content\/uploads\/2024\/10\/lifeboat-cabine-1536x1251.jpg 1536w, https:\/\/amm85.fr\/wp-content\/uploads\/2024\/10\/lifeboat-cabine-2048x1667.jpg 2048w\" sizes=\"auto, (max-width: 1024px) 100vw, 1024px\" \/><\/figure>\n\n\n\n<p>Cabine et son \u00e9lectronique<\/p>\n\n\n\n<p><\/p>\n\n\n\n<figure class=\"wp-block-image size-large\"><img loading=\"lazy\" decoding=\"async\" width=\"1024\" height=\"824\" src=\"https:\/\/amm85.fr\/wp-content\/uploads\/2024\/10\/lifeboat-ensemble-1024x824.jpg\" alt=\"\" class=\"wp-image-2582\" srcset=\"https:\/\/amm85.fr\/wp-content\/uploads\/2024\/10\/lifeboat-ensemble-1024x824.jpg 1024w, https:\/\/amm85.fr\/wp-content\/uploads\/2024\/10\/lifeboat-ensemble-300x241.jpg 300w, https:\/\/amm85.fr\/wp-content\/uploads\/2024\/10\/lifeboat-ensemble-768x618.jpg 768w, https:\/\/amm85.fr\/wp-content\/uploads\/2024\/10\/lifeboat-ensemble-1536x1236.jpg 1536w, https:\/\/amm85.fr\/wp-content\/uploads\/2024\/10\/lifeboat-ensemble.jpg 1813w\" sizes=\"auto, (max-width: 1024px) 100vw, 1024px\" \/><\/figure>\n\n\n\n<p>Pret \u00e0 naviguer.<\/p>\n\n\n\n<p><\/p>\n\n\n\n<figure class=\"wp-block-image size-large is-resized\"><img loading=\"lazy\" decoding=\"async\" width=\"1024\" height=\"504\" src=\"https:\/\/amm85.fr\/wp-content\/uploads\/2024\/10\/lifeboat-helice-1-1024x504.jpg\" alt=\"\" class=\"wp-image-2583\" style=\"width:1025px;height:auto\" srcset=\"https:\/\/amm85.fr\/wp-content\/uploads\/2024\/10\/lifeboat-helice-1-1024x504.jpg 1024w, https:\/\/amm85.fr\/wp-content\/uploads\/2024\/10\/lifeboat-helice-1-300x148.jpg 300w, https:\/\/amm85.fr\/wp-content\/uploads\/2024\/10\/lifeboat-helice-1-768x378.jpg 768w, https:\/\/amm85.fr\/wp-content\/uploads\/2024\/10\/lifeboat-helice-1.jpg 1415w\" sizes=\"auto, (max-width: 1024px) 100vw, 1024px\" \/><\/figure>\n\n\n\n<p>Les 2 h\u00e9lices avec inversion du sens de rotation coupl\u00e9s avec les safrans permettent des man\u0153uvres sp\u00e9ciales.<\/p>\n\n\n\n<p><\/p>\n\n\n\n<figure class=\"wp-block-video\"><video height=\"720\" style=\"aspect-ratio: 1280 \/ 720;\" width=\"1280\" controls src=\"https:\/\/amm85.fr\/wp-content\/uploads\/2024\/10\/lifeboat.mp4\"><\/video><\/figure>\n\n\n\n<p><strong>Navigation en eau tr\u00e8s tr\u00e8s calme<\/strong><\/p>\n","protected":false},"excerpt":{"rendered":"<p>Lifeboat RNLI severn-class de 17,3 m mis en service en 1975, autonomie de 250 miles et vitesse de 25 n\u0153uds. C&#8217;est le plus grand de la flotte. 50 bateaux construits&hellip;&nbsp;<a href=\"https:\/\/amm85.fr\/index.php\/nos-realisations\/navires-de-service\/lifeboat\/\" rel=\"bookmark\">Lire la suite &raquo;<span class=\"screen-reader-text\">LIFEBOAT (Michel A.)<\/span><\/a><\/p>\n","protected":false},"author":3,"featured_media":0,"parent":445,"menu_order":0,"comment_status":"closed","ping_status":"closed","template":"","meta":{"neve_meta_sidebar":"","neve_meta_container":"","neve_meta_enable_content_width":"","neve_meta_content_width":0,"neve_meta_title_alignment":"","neve_meta_author_avatar":"","neve_post_elements_order":"","neve_meta_disable_header":"","neve_meta_disable_footer":"","neve_meta_disable_title":"","footnotes":""},"class_list":["post-2554","page","type-page","status-publish","hentry"],"yoast_head":"<!-- This site is optimized with the Yoast SEO plugin v26.3 - https:\/\/yoast.com\/wordpress\/plugins\/seo\/ -->\n<title>LIFEBOAT (Michel A.) - AMM85<\/title>\n<meta name=\"robots\" content=\"index, follow, max-snippet:-1, max-image-preview:large, max-video-preview:-1\" \/>\n<link rel=\"canonical\" href=\"https:\/\/amm85.fr\/index.php\/nos-realisations\/navires-de-service\/lifeboat\/\" \/>\n<meta property=\"og:locale\" content=\"fr_FR\" \/>\n<meta property=\"og:type\" content=\"article\" \/>\n<meta property=\"og:title\" content=\"LIFEBOAT (Michel A.) - AMM85\" \/>\n<meta property=\"og:description\" content=\"Lifeboat RNLI severn-class de 17,3 m mis en service en 1975, autonomie de 250 miles et vitesse de 25 n\u0153uds. C&#8217;est le plus grand de la flotte. 50 bateaux construits&hellip;&nbsp;Lire la suite &raquo;LIFEBOAT (Michel A.)\" \/>\n<meta property=\"og:url\" content=\"https:\/\/amm85.fr\/index.php\/nos-realisations\/navires-de-service\/lifeboat\/\" \/>\n<meta property=\"og:site_name\" content=\"AMM85\" \/>\n<meta property=\"article:modified_time\" content=\"2024-10-04T09:36:09+00:00\" \/>\n<meta property=\"og:image\" content=\"https:\/\/amm85.fr\/wp-content\/uploads\/2024\/10\/lifeboat-Airfix-1-1024x669.jpg\" \/>\n<meta name=\"twitter:card\" content=\"summary_large_image\" \/>\n<meta name=\"twitter:label1\" content=\"Dur\u00e9e de lecture estim\u00e9e\" \/>\n\t<meta name=\"twitter:data1\" content=\"3 minutes\" \/>\n<script type=\"application\/ld+json\" class=\"yoast-schema-graph\">{\"@context\":\"https:\/\/schema.org\",\"@graph\":[{\"@type\":\"WebPage\",\"@id\":\"https:\/\/amm85.fr\/index.php\/nos-realisations\/navires-de-service\/lifeboat\/\",\"url\":\"https:\/\/amm85.fr\/index.php\/nos-realisations\/navires-de-service\/lifeboat\/\",\"name\":\"LIFEBOAT (Michel A.) - AMM85\",\"isPartOf\":{\"@id\":\"https:\/\/amm85.fr\/#website\"},\"primaryImageOfPage\":{\"@id\":\"https:\/\/amm85.fr\/index.php\/nos-realisations\/navires-de-service\/lifeboat\/#primaryimage\"},\"image\":{\"@id\":\"https:\/\/amm85.fr\/index.php\/nos-realisations\/navires-de-service\/lifeboat\/#primaryimage\"},\"thumbnailUrl\":\"https:\/\/amm85.fr\/wp-content\/uploads\/2024\/10\/lifeboat-Airfix-1-1024x669.jpg\",\"datePublished\":\"2024-10-04T07:44:19+00:00\",\"dateModified\":\"2024-10-04T09:36:09+00:00\",\"breadcrumb\":{\"@id\":\"https:\/\/amm85.fr\/index.php\/nos-realisations\/navires-de-service\/lifeboat\/#breadcrumb\"},\"inLanguage\":\"fr-FR\",\"potentialAction\":[{\"@type\":\"ReadAction\",\"target\":[\"https:\/\/amm85.fr\/index.php\/nos-realisations\/navires-de-service\/lifeboat\/\"]}]},{\"@type\":\"ImageObject\",\"inLanguage\":\"fr-FR\",\"@id\":\"https:\/\/amm85.fr\/index.php\/nos-realisations\/navires-de-service\/lifeboat\/#primaryimage\",\"url\":\"https:\/\/amm85.fr\/wp-content\/uploads\/2024\/10\/lifeboat-Airfix-1.jpg\",\"contentUrl\":\"https:\/\/amm85.fr\/wp-content\/uploads\/2024\/10\/lifeboat-Airfix-1.jpg\",\"width\":2304,\"height\":1505},{\"@type\":\"BreadcrumbList\",\"@id\":\"https:\/\/amm85.fr\/index.php\/nos-realisations\/navires-de-service\/lifeboat\/#breadcrumb\",\"itemListElement\":[{\"@type\":\"ListItem\",\"position\":1,\"name\":\"Accueil\",\"item\":\"https:\/\/amm85.fr\/\"},{\"@type\":\"ListItem\",\"position\":2,\"name\":\"Nos r\u00e9alisations\",\"item\":\"https:\/\/amm85.fr\/index.php\/nos-realisations\/\"},{\"@type\":\"ListItem\",\"position\":3,\"name\":\"Navires de service\",\"item\":\"https:\/\/amm85.fr\/index.php\/nos-realisations\/navires-de-service\/\"},{\"@type\":\"ListItem\",\"position\":4,\"name\":\"LIFEBOAT (Michel A.)\"}]},{\"@type\":\"WebSite\",\"@id\":\"https:\/\/amm85.fr\/#website\",\"url\":\"https:\/\/amm85.fr\/\",\"name\":\"AMM85\",\"description\":\"Association de mod\u00e9lisme Mothais : naval et  camion. Navigation, construction,  exposition. achards  situ\u00e9 dans la commune des Achards 85150 en Vend\u00e9e\",\"publisher\":{\"@id\":\"https:\/\/amm85.fr\/#organization\"},\"potentialAction\":[{\"@type\":\"SearchAction\",\"target\":{\"@type\":\"EntryPoint\",\"urlTemplate\":\"https:\/\/amm85.fr\/?s={search_term_string}\"},\"query-input\":{\"@type\":\"PropertyValueSpecification\",\"valueRequired\":true,\"valueName\":\"search_term_string\"}}],\"inLanguage\":\"fr-FR\"},{\"@type\":\"Organization\",\"@id\":\"https:\/\/amm85.fr\/#organization\",\"name\":\"Amicale du mod\u00e9lisme mothais\",\"url\":\"https:\/\/amm85.fr\/\",\"logo\":{\"@type\":\"ImageObject\",\"inLanguage\":\"fr-FR\",\"@id\":\"https:\/\/amm85.fr\/#\/schema\/logo\/image\/\",\"url\":\"\",\"contentUrl\":\"\",\"caption\":\"Amicale du mod\u00e9lisme mothais\"},\"image\":{\"@id\":\"https:\/\/amm85.fr\/#\/schema\/logo\/image\/\"}}]}<\/script>\n<!-- \/ Yoast SEO plugin. -->","yoast_head_json":{"title":"LIFEBOAT (Michel A.) - AMM85","robots":{"index":"index","follow":"follow","max-snippet":"max-snippet:-1","max-image-preview":"max-image-preview:large","max-video-preview":"max-video-preview:-1"},"canonical":"https:\/\/amm85.fr\/index.php\/nos-realisations\/navires-de-service\/lifeboat\/","og_locale":"fr_FR","og_type":"article","og_title":"LIFEBOAT (Michel A.) - AMM85","og_description":"Lifeboat RNLI severn-class de 17,3 m mis en service en 1975, autonomie de 250 miles et vitesse de 25 n\u0153uds. C&#8217;est le plus grand de la flotte. 50 bateaux construits&hellip;&nbsp;Lire la suite &raquo;LIFEBOAT (Michel A.)","og_url":"https:\/\/amm85.fr\/index.php\/nos-realisations\/navires-de-service\/lifeboat\/","og_site_name":"AMM85","article_modified_time":"2024-10-04T09:36:09+00:00","og_image":[{"url":"https:\/\/amm85.fr\/wp-content\/uploads\/2024\/10\/lifeboat-Airfix-1-1024x669.jpg","type":"","width":"","height":""}],"twitter_card":"summary_large_image","twitter_misc":{"Dur\u00e9e de lecture estim\u00e9e":"3 minutes"},"schema":{"@context":"https:\/\/schema.org","@graph":[{"@type":"WebPage","@id":"https:\/\/amm85.fr\/index.php\/nos-realisations\/navires-de-service\/lifeboat\/","url":"https:\/\/amm85.fr\/index.php\/nos-realisations\/navires-de-service\/lifeboat\/","name":"LIFEBOAT (Michel A.) - AMM85","isPartOf":{"@id":"https:\/\/amm85.fr\/#website"},"primaryImageOfPage":{"@id":"https:\/\/amm85.fr\/index.php\/nos-realisations\/navires-de-service\/lifeboat\/#primaryimage"},"image":{"@id":"https:\/\/amm85.fr\/index.php\/nos-realisations\/navires-de-service\/lifeboat\/#primaryimage"},"thumbnailUrl":"https:\/\/amm85.fr\/wp-content\/uploads\/2024\/10\/lifeboat-Airfix-1-1024x669.jpg","datePublished":"2024-10-04T07:44:19+00:00","dateModified":"2024-10-04T09:36:09+00:00","breadcrumb":{"@id":"https:\/\/amm85.fr\/index.php\/nos-realisations\/navires-de-service\/lifeboat\/#breadcrumb"},"inLanguage":"fr-FR","potentialAction":[{"@type":"ReadAction","target":["https:\/\/amm85.fr\/index.php\/nos-realisations\/navires-de-service\/lifeboat\/"]}]},{"@type":"ImageObject","inLanguage":"fr-FR","@id":"https:\/\/amm85.fr\/index.php\/nos-realisations\/navires-de-service\/lifeboat\/#primaryimage","url":"https:\/\/amm85.fr\/wp-content\/uploads\/2024\/10\/lifeboat-Airfix-1.jpg","contentUrl":"https:\/\/amm85.fr\/wp-content\/uploads\/2024\/10\/lifeboat-Airfix-1.jpg","width":2304,"height":1505},{"@type":"BreadcrumbList","@id":"https:\/\/amm85.fr\/index.php\/nos-realisations\/navires-de-service\/lifeboat\/#breadcrumb","itemListElement":[{"@type":"ListItem","position":1,"name":"Accueil","item":"https:\/\/amm85.fr\/"},{"@type":"ListItem","position":2,"name":"Nos r\u00e9alisations","item":"https:\/\/amm85.fr\/index.php\/nos-realisations\/"},{"@type":"ListItem","position":3,"name":"Navires de service","item":"https:\/\/amm85.fr\/index.php\/nos-realisations\/navires-de-service\/"},{"@type":"ListItem","position":4,"name":"LIFEBOAT (Michel A.)"}]},{"@type":"WebSite","@id":"https:\/\/amm85.fr\/#website","url":"https:\/\/amm85.fr\/","name":"AMM85","description":"Association de mod\u00e9lisme Mothais : naval et  camion. Navigation, construction,  exposition. achards  situ\u00e9 dans la commune des Achards 85150 en Vend\u00e9e","publisher":{"@id":"https:\/\/amm85.fr\/#organization"},"potentialAction":[{"@type":"SearchAction","target":{"@type":"EntryPoint","urlTemplate":"https:\/\/amm85.fr\/?s={search_term_string}"},"query-input":{"@type":"PropertyValueSpecification","valueRequired":true,"valueName":"search_term_string"}}],"inLanguage":"fr-FR"},{"@type":"Organization","@id":"https:\/\/amm85.fr\/#organization","name":"Amicale du mod\u00e9lisme mothais","url":"https:\/\/amm85.fr\/","logo":{"@type":"ImageObject","inLanguage":"fr-FR","@id":"https:\/\/amm85.fr\/#\/schema\/logo\/image\/","url":"","contentUrl":"","caption":"Amicale du mod\u00e9lisme mothais"},"image":{"@id":"https:\/\/amm85.fr\/#\/schema\/logo\/image\/"}}]}},"_links":{"self":[{"href":"https:\/\/amm85.fr\/index.php\/wp-json\/wp\/v2\/pages\/2554","targetHints":{"allow":["GET"]}}],"collection":[{"href":"https:\/\/amm85.fr\/index.php\/wp-json\/wp\/v2\/pages"}],"about":[{"href":"https:\/\/amm85.fr\/index.php\/wp-json\/wp\/v2\/types\/page"}],"author":[{"embeddable":true,"href":"https:\/\/amm85.fr\/index.php\/wp-json\/wp\/v2\/users\/3"}],"replies":[{"embeddable":true,"href":"https:\/\/amm85.fr\/index.php\/wp-json\/wp\/v2\/comments?post=2554"}],"version-history":[{"count":10,"href":"https:\/\/amm85.fr\/index.php\/wp-json\/wp\/v2\/pages\/2554\/revisions"}],"predecessor-version":[{"id":2594,"href":"https:\/\/amm85.fr\/index.php\/wp-json\/wp\/v2\/pages\/2554\/revisions\/2594"}],"up":[{"embeddable":true,"href":"https:\/\/amm85.fr\/index.php\/wp-json\/wp\/v2\/pages\/445"}],"wp:attachment":[{"href":"https:\/\/amm85.fr\/index.php\/wp-json\/wp\/v2\/media?parent=2554"}],"curies":[{"name":"wp","href":"https:\/\/api.w.org\/{rel}","templated":true}]}}