{"id":1497,"date":"2024-04-12T13:44:08","date_gmt":"2024-04-12T11:44:08","guid":{"rendered":"https:\/\/amm85.fr\/?page_id=1497"},"modified":"2024-07-04T23:10:14","modified_gmt":"2024-07-04T21:10:14","slug":"le-11-avril-au-tanchet","status":"publish","type":"page","link":"https:\/\/amm85.fr\/index.php\/navigations\/2024-2\/le-11-avril-au-tanchet\/","title":{"rendered":"Le 11 avril au lac du Tanchet"},"content":{"rendered":"\n<div style=\"height:100px\" aria-hidden=\"true\" class=\"wp-block-spacer\"><\/div>\n\n\n\n<p>Temps id\u00e9al pour d\u00e9poussi\u00e9rer nos voiliers, le soleil et le vent \u00e9taient au rendez-vous .<\/p>\n\n\n\n<figure class=\"wp-block-gallery has-nested-images columns-default is-cropped wp-block-gallery-1 is-layout-flex wp-block-gallery-is-layout-flex\">\n<figure class=\"wp-block-image size-large\"><img loading=\"lazy\" decoding=\"async\" width=\"623\" height=\"1024\" data-id=\"1498\" src=\"https:\/\/amm85.fr\/wp-content\/uploads\/2024\/04\/002-623x1024.jpg\" alt=\"\" class=\"wp-image-1498\" srcset=\"https:\/\/amm85.fr\/wp-content\/uploads\/2024\/04\/002-623x1024.jpg 623w, https:\/\/amm85.fr\/wp-content\/uploads\/2024\/04\/002-182x300.jpg 182w, https:\/\/amm85.fr\/wp-content\/uploads\/2024\/04\/002-768x1263.jpg 768w, https:\/\/amm85.fr\/wp-content\/uploads\/2024\/04\/002-934x1536.jpg 934w, https:\/\/amm85.fr\/wp-content\/uploads\/2024\/04\/002-1245x2048.jpg 1245w, https:\/\/amm85.fr\/wp-content\/uploads\/2024\/04\/002.jpg 1500w\" sizes=\"auto, (max-width: 623px) 100vw, 623px\" \/><\/figure>\n\n\n\n<figure class=\"wp-block-image size-large\"><img loading=\"lazy\" decoding=\"async\" width=\"768\" height=\"1024\" data-id=\"1499\" src=\"https:\/\/amm85.fr\/wp-content\/uploads\/2024\/04\/003-768x1024.jpg\" alt=\"\" class=\"wp-image-1499\" srcset=\"https:\/\/amm85.fr\/wp-content\/uploads\/2024\/04\/003-768x1024.jpg 768w, https:\/\/amm85.fr\/wp-content\/uploads\/2024\/04\/003-225x300.jpg 225w, https:\/\/amm85.fr\/wp-content\/uploads\/2024\/04\/003-1152x1536.jpg 1152w, https:\/\/amm85.fr\/wp-content\/uploads\/2024\/04\/003.jpg 1500w\" sizes=\"auto, (max-width: 768px) 100vw, 768px\" \/><\/figure>\n\n\n\n<figure class=\"wp-block-image size-large\"><img loading=\"lazy\" decoding=\"async\" width=\"571\" height=\"1024\" data-id=\"1500\" src=\"https:\/\/amm85.fr\/wp-content\/uploads\/2024\/04\/006-571x1024.jpg\" alt=\"\" class=\"wp-image-1500\" srcset=\"https:\/\/amm85.fr\/wp-content\/uploads\/2024\/04\/006-571x1024.jpg 571w, https:\/\/amm85.fr\/wp-content\/uploads\/2024\/04\/006-167x300.jpg 167w, https:\/\/amm85.fr\/wp-content\/uploads\/2024\/04\/006-768x1377.jpg 768w, https:\/\/amm85.fr\/wp-content\/uploads\/2024\/04\/006-857x1536.jpg 857w, https:\/\/amm85.fr\/wp-content\/uploads\/2024\/04\/006-1142x2048.jpg 1142w, https:\/\/amm85.fr\/wp-content\/uploads\/2024\/04\/006-scaled.jpg 1428w\" sizes=\"auto, (max-width: 571px) 100vw, 571px\" \/><\/figure>\n<\/figure>\n\n\n\n<div style=\"height:100px\" aria-hidden=\"true\" class=\"wp-block-spacer\"><\/div>\n\n\n\n<p>Nous \u00e9tions une dizaine de voiliers, premi\u00e8re mise \u00e0 l&#8217;eau pour le comtesse de Jean Jacques. <\/p>\n\n\n\n<figure class=\"wp-block-gallery has-nested-images columns-default is-cropped wp-block-gallery-2 is-layout-flex wp-block-gallery-is-layout-flex\">\n<figure class=\"wp-block-image size-large\"><img loading=\"lazy\" decoding=\"async\" width=\"623\" height=\"1024\" data-id=\"1501\" src=\"https:\/\/amm85.fr\/wp-content\/uploads\/2024\/04\/002-1-623x1024.jpg\" alt=\"\" class=\"wp-image-1501\" srcset=\"https:\/\/amm85.fr\/wp-content\/uploads\/2024\/04\/002-1-623x1024.jpg 623w, https:\/\/amm85.fr\/wp-content\/uploads\/2024\/04\/002-1-182x300.jpg 182w, https:\/\/amm85.fr\/wp-content\/uploads\/2024\/04\/002-1-768x1263.jpg 768w, https:\/\/amm85.fr\/wp-content\/uploads\/2024\/04\/002-1-934x1536.jpg 934w, https:\/\/amm85.fr\/wp-content\/uploads\/2024\/04\/002-1-1245x2048.jpg 1245w, https:\/\/amm85.fr\/wp-content\/uploads\/2024\/04\/002-1.jpg 1500w\" sizes=\"auto, (max-width: 623px) 100vw, 623px\" \/><\/figure>\n\n\n\n<figure class=\"wp-block-image size-large\"><img loading=\"lazy\" decoding=\"async\" width=\"666\" height=\"1024\" data-id=\"1503\" src=\"https:\/\/amm85.fr\/wp-content\/uploads\/2024\/04\/005-666x1024.jpg\" alt=\"\" class=\"wp-image-1503\" srcset=\"https:\/\/amm85.fr\/wp-content\/uploads\/2024\/04\/005-666x1024.jpg 666w, https:\/\/amm85.fr\/wp-content\/uploads\/2024\/04\/005-195x300.jpg 195w, https:\/\/amm85.fr\/wp-content\/uploads\/2024\/04\/005-768x1180.jpg 768w, https:\/\/amm85.fr\/wp-content\/uploads\/2024\/04\/005-1000x1536.jpg 1000w, https:\/\/amm85.fr\/wp-content\/uploads\/2024\/04\/005-1333x2048.jpg 1333w, https:\/\/amm85.fr\/wp-content\/uploads\/2024\/04\/005.jpg 1500w\" sizes=\"auto, (max-width: 666px) 100vw, 666px\" \/><\/figure>\n\n\n\n<figure class=\"wp-block-image size-large\"><img loading=\"lazy\" decoding=\"async\" width=\"768\" height=\"1024\" data-id=\"1502\" src=\"https:\/\/amm85.fr\/wp-content\/uploads\/2024\/04\/004-768x1024.jpg\" alt=\"\" class=\"wp-image-1502\" srcset=\"https:\/\/amm85.fr\/wp-content\/uploads\/2024\/04\/004-768x1024.jpg 768w, https:\/\/amm85.fr\/wp-content\/uploads\/2024\/04\/004-225x300.jpg 225w, https:\/\/amm85.fr\/wp-content\/uploads\/2024\/04\/004-1152x1536.jpg 1152w, https:\/\/amm85.fr\/wp-content\/uploads\/2024\/04\/004.jpg 1500w\" sizes=\"auto, (max-width: 768px) 100vw, 768px\" \/><\/figure>\n<\/figure>\n\n\n\n<figure class=\"wp-block-gallery has-nested-images columns-default is-cropped wp-block-gallery-3 is-layout-flex wp-block-gallery-is-layout-flex\">\n<figure class=\"wp-block-image size-large\"><img loading=\"lazy\" decoding=\"async\" width=\"1024\" height=\"647\" data-id=\"1505\" src=\"https:\/\/amm85.fr\/wp-content\/uploads\/2024\/04\/001-1024x647.jpg\" alt=\"\" class=\"wp-image-1505\" srcset=\"https:\/\/amm85.fr\/wp-content\/uploads\/2024\/04\/001-1024x647.jpg 1024w, https:\/\/amm85.fr\/wp-content\/uploads\/2024\/04\/001-300x189.jpg 300w, https:\/\/amm85.fr\/wp-content\/uploads\/2024\/04\/001-768x485.jpg 768w, https:\/\/amm85.fr\/wp-content\/uploads\/2024\/04\/001-1536x970.jpg 1536w, https:\/\/amm85.fr\/wp-content\/uploads\/2024\/04\/001.jpg 2000w\" sizes=\"auto, (max-width: 1024px) 100vw, 1024px\" \/><\/figure>\n\n\n\n<figure class=\"wp-block-image size-large\"><img loading=\"lazy\" decoding=\"async\" width=\"1024\" height=\"879\" data-id=\"1506\" src=\"https:\/\/amm85.fr\/wp-content\/uploads\/2024\/04\/007-1024x879.jpg\" alt=\"\" class=\"wp-image-1506\" srcset=\"https:\/\/amm85.fr\/wp-content\/uploads\/2024\/04\/007-1024x879.jpg 1024w, https:\/\/amm85.fr\/wp-content\/uploads\/2024\/04\/007-300x257.jpg 300w, https:\/\/amm85.fr\/wp-content\/uploads\/2024\/04\/007-768x659.jpg 768w, https:\/\/amm85.fr\/wp-content\/uploads\/2024\/04\/007.jpg 1500w\" sizes=\"auto, (max-width: 1024px) 100vw, 1024px\" \/><\/figure>\n\n\n\n<figure class=\"wp-block-image size-large\"><img loading=\"lazy\" decoding=\"async\" width=\"1024\" height=\"645\" data-id=\"1504\" src=\"https:\/\/amm85.fr\/wp-content\/uploads\/2024\/04\/009-1024x645.jpg\" alt=\"\" class=\"wp-image-1504\" srcset=\"https:\/\/amm85.fr\/wp-content\/uploads\/2024\/04\/009-1024x645.jpg 1024w, https:\/\/amm85.fr\/wp-content\/uploads\/2024\/04\/009-300x189.jpg 300w, https:\/\/amm85.fr\/wp-content\/uploads\/2024\/04\/009-768x483.jpg 768w, https:\/\/amm85.fr\/wp-content\/uploads\/2024\/04\/009-1536x967.jpg 1536w, https:\/\/amm85.fr\/wp-content\/uploads\/2024\/04\/009.jpg 1827w\" sizes=\"auto, (max-width: 1024px) 100vw, 1024px\" \/><\/figure>\n<\/figure>\n\n\n\n<div style=\"height:100px\" aria-hidden=\"true\" class=\"wp-block-spacer\"><\/div>\n\n\n\n<figure class=\"wp-block-embed is-type-video is-provider-youtube wp-block-embed-youtube wp-embed-aspect-16-9 wp-has-aspect-ratio\"><div class=\"wp-block-embed__wrapper\">\n<div class=\"nv-iframe-embed\"><iframe loading=\"lazy\" title=\"Navigation sur le lac de Tanchet, 11\/04\/24\" width=\"1200\" height=\"675\" src=\"https:\/\/www.youtube.com\/embed\/rsS-U7R0ZGY?feature=oembed\" frameborder=\"0\" allow=\"accelerometer; autoplay; clipboard-write; encrypted-media; gyroscope; picture-in-picture; web-share\" referrerpolicy=\"strict-origin-when-cross-origin\" allowfullscreen><\/iframe><\/div>\n<\/div><\/figure>\n\n\n\n<div style=\"height:100px\" aria-hidden=\"true\" class=\"wp-block-spacer\"><\/div>\n","protected":false},"excerpt":{"rendered":"<p>Temps id\u00e9al pour d\u00e9poussi\u00e9rer nos voiliers, le soleil et le vent \u00e9taient au rendez-vous . Nous \u00e9tions une dizaine de voiliers, premi\u00e8re mise \u00e0 l&#8217;eau pour le comtesse de Jean&hellip;&nbsp;<a href=\"https:\/\/amm85.fr\/index.php\/navigations\/2024-2\/le-11-avril-au-tanchet\/\" rel=\"bookmark\">Lire la suite &raquo;<span class=\"screen-reader-text\">Le 11 avril au lac du Tanchet<\/span><\/a><\/p>\n","protected":false},"author":2,"featured_media":0,"parent":1509,"menu_order":120,"comment_status":"closed","ping_status":"closed","template":"","meta":{"neve_meta_sidebar":"","neve_meta_container":"","neve_meta_enable_content_width":"","neve_meta_content_width":0,"neve_meta_title_alignment":"","neve_meta_author_avatar":"","neve_post_elements_order":"","neve_meta_disable_header":"","neve_meta_disable_footer":"","neve_meta_disable_title":"","footnotes":""},"class_list":["post-1497","page","type-page","status-publish","hentry"],"yoast_head":"<!-- This site is optimized with the Yoast SEO plugin v26.3 - https:\/\/yoast.com\/wordpress\/plugins\/seo\/ -->\n<title>Le 11 avril au lac du Tanchet - AMM85<\/title>\n<meta name=\"robots\" content=\"index, follow, max-snippet:-1, max-image-preview:large, max-video-preview:-1\" \/>\n<link rel=\"canonical\" href=\"https:\/\/amm85.fr\/index.php\/navigations\/2024-2\/le-11-avril-au-tanchet\/\" \/>\n<meta property=\"og:locale\" content=\"fr_FR\" \/>\n<meta property=\"og:type\" content=\"article\" \/>\n<meta property=\"og:title\" content=\"Le 11 avril au lac du Tanchet - AMM85\" \/>\n<meta property=\"og:description\" content=\"Temps id\u00e9al pour d\u00e9poussi\u00e9rer nos voiliers, le soleil et le vent \u00e9taient au rendez-vous . Nous \u00e9tions une dizaine de voiliers, premi\u00e8re mise \u00e0 l&#8217;eau pour le comtesse de Jean&hellip;&nbsp;Lire la suite &raquo;Le 11 avril au lac du Tanchet\" \/>\n<meta property=\"og:url\" content=\"https:\/\/amm85.fr\/index.php\/navigations\/2024-2\/le-11-avril-au-tanchet\/\" \/>\n<meta property=\"og:site_name\" content=\"AMM85\" \/>\n<meta property=\"article:modified_time\" content=\"2024-07-04T21:10:14+00:00\" \/>\n<meta property=\"og:image\" content=\"https:\/\/amm85.fr\/wp-content\/uploads\/2024\/04\/002-623x1024.jpg\" \/>\n<meta name=\"twitter:card\" content=\"summary_large_image\" \/>\n<meta name=\"twitter:label1\" content=\"Dur\u00e9e de lecture estim\u00e9e\" \/>\n\t<meta name=\"twitter:data1\" content=\"2 minutes\" \/>\n<script type=\"application\/ld+json\" class=\"yoast-schema-graph\">{\"@context\":\"https:\/\/schema.org\",\"@graph\":[{\"@type\":\"WebPage\",\"@id\":\"https:\/\/amm85.fr\/index.php\/navigations\/2024-2\/le-11-avril-au-tanchet\/\",\"url\":\"https:\/\/amm85.fr\/index.php\/navigations\/2024-2\/le-11-avril-au-tanchet\/\",\"name\":\"Le 11 avril au lac du Tanchet - AMM85\",\"isPartOf\":{\"@id\":\"https:\/\/amm85.fr\/#website\"},\"primaryImageOfPage\":{\"@id\":\"https:\/\/amm85.fr\/index.php\/navigations\/2024-2\/le-11-avril-au-tanchet\/#primaryimage\"},\"image\":{\"@id\":\"https:\/\/amm85.fr\/index.php\/navigations\/2024-2\/le-11-avril-au-tanchet\/#primaryimage\"},\"thumbnailUrl\":\"https:\/\/amm85.fr\/wp-content\/uploads\/2024\/04\/002-623x1024.jpg\",\"datePublished\":\"2024-04-12T11:44:08+00:00\",\"dateModified\":\"2024-07-04T21:10:14+00:00\",\"breadcrumb\":{\"@id\":\"https:\/\/amm85.fr\/index.php\/navigations\/2024-2\/le-11-avril-au-tanchet\/#breadcrumb\"},\"inLanguage\":\"fr-FR\",\"potentialAction\":[{\"@type\":\"ReadAction\",\"target\":[\"https:\/\/amm85.fr\/index.php\/navigations\/2024-2\/le-11-avril-au-tanchet\/\"]}]},{\"@type\":\"ImageObject\",\"inLanguage\":\"fr-FR\",\"@id\":\"https:\/\/amm85.fr\/index.php\/navigations\/2024-2\/le-11-avril-au-tanchet\/#primaryimage\",\"url\":\"https:\/\/amm85.fr\/wp-content\/uploads\/2024\/04\/002.jpg\",\"contentUrl\":\"https:\/\/amm85.fr\/wp-content\/uploads\/2024\/04\/002.jpg\",\"width\":1500,\"height\":2467},{\"@type\":\"BreadcrumbList\",\"@id\":\"https:\/\/amm85.fr\/index.php\/navigations\/2024-2\/le-11-avril-au-tanchet\/#breadcrumb\",\"itemListElement\":[{\"@type\":\"ListItem\",\"position\":1,\"name\":\"Accueil\",\"item\":\"https:\/\/amm85.fr\/\"},{\"@type\":\"ListItem\",\"position\":2,\"name\":\"Navigations\",\"item\":\"https:\/\/amm85.fr\/index.php\/navigations\/\"},{\"@type\":\"ListItem\",\"position\":3,\"name\":\"2024\",\"item\":\"https:\/\/amm85.fr\/index.php\/navigations\/2024-2\/\"},{\"@type\":\"ListItem\",\"position\":4,\"name\":\"Le 11 avril au lac du Tanchet\"}]},{\"@type\":\"WebSite\",\"@id\":\"https:\/\/amm85.fr\/#website\",\"url\":\"https:\/\/amm85.fr\/\",\"name\":\"AMM85\",\"description\":\"Association de mod\u00e9lisme Mothais : naval et  camion. Navigation, construction,  exposition. achards  situ\u00e9 dans la commune des Achards 85150 en Vend\u00e9e\",\"publisher\":{\"@id\":\"https:\/\/amm85.fr\/#organization\"},\"potentialAction\":[{\"@type\":\"SearchAction\",\"target\":{\"@type\":\"EntryPoint\",\"urlTemplate\":\"https:\/\/amm85.fr\/?s={search_term_string}\"},\"query-input\":{\"@type\":\"PropertyValueSpecification\",\"valueRequired\":true,\"valueName\":\"search_term_string\"}}],\"inLanguage\":\"fr-FR\"},{\"@type\":\"Organization\",\"@id\":\"https:\/\/amm85.fr\/#organization\",\"name\":\"Amicale du mod\u00e9lisme mothais\",\"url\":\"https:\/\/amm85.fr\/\",\"logo\":{\"@type\":\"ImageObject\",\"inLanguage\":\"fr-FR\",\"@id\":\"https:\/\/amm85.fr\/#\/schema\/logo\/image\/\",\"url\":\"\",\"contentUrl\":\"\",\"caption\":\"Amicale du mod\u00e9lisme mothais\"},\"image\":{\"@id\":\"https:\/\/amm85.fr\/#\/schema\/logo\/image\/\"}}]}<\/script>\n<!-- \/ Yoast SEO plugin. -->","yoast_head_json":{"title":"Le 11 avril au lac du Tanchet - AMM85","robots":{"index":"index","follow":"follow","max-snippet":"max-snippet:-1","max-image-preview":"max-image-preview:large","max-video-preview":"max-video-preview:-1"},"canonical":"https:\/\/amm85.fr\/index.php\/navigations\/2024-2\/le-11-avril-au-tanchet\/","og_locale":"fr_FR","og_type":"article","og_title":"Le 11 avril au lac du Tanchet - AMM85","og_description":"Temps id\u00e9al pour d\u00e9poussi\u00e9rer nos voiliers, le soleil et le vent \u00e9taient au rendez-vous . Nous \u00e9tions une dizaine de voiliers, premi\u00e8re mise \u00e0 l&#8217;eau pour le comtesse de Jean&hellip;&nbsp;Lire la suite &raquo;Le 11 avril au lac du Tanchet","og_url":"https:\/\/amm85.fr\/index.php\/navigations\/2024-2\/le-11-avril-au-tanchet\/","og_site_name":"AMM85","article_modified_time":"2024-07-04T21:10:14+00:00","og_image":[{"url":"https:\/\/amm85.fr\/wp-content\/uploads\/2024\/04\/002-623x1024.jpg","type":"","width":"","height":""}],"twitter_card":"summary_large_image","twitter_misc":{"Dur\u00e9e de lecture estim\u00e9e":"2 minutes"},"schema":{"@context":"https:\/\/schema.org","@graph":[{"@type":"WebPage","@id":"https:\/\/amm85.fr\/index.php\/navigations\/2024-2\/le-11-avril-au-tanchet\/","url":"https:\/\/amm85.fr\/index.php\/navigations\/2024-2\/le-11-avril-au-tanchet\/","name":"Le 11 avril au lac du Tanchet - AMM85","isPartOf":{"@id":"https:\/\/amm85.fr\/#website"},"primaryImageOfPage":{"@id":"https:\/\/amm85.fr\/index.php\/navigations\/2024-2\/le-11-avril-au-tanchet\/#primaryimage"},"image":{"@id":"https:\/\/amm85.fr\/index.php\/navigations\/2024-2\/le-11-avril-au-tanchet\/#primaryimage"},"thumbnailUrl":"https:\/\/amm85.fr\/wp-content\/uploads\/2024\/04\/002-623x1024.jpg","datePublished":"2024-04-12T11:44:08+00:00","dateModified":"2024-07-04T21:10:14+00:00","breadcrumb":{"@id":"https:\/\/amm85.fr\/index.php\/navigations\/2024-2\/le-11-avril-au-tanchet\/#breadcrumb"},"inLanguage":"fr-FR","potentialAction":[{"@type":"ReadAction","target":["https:\/\/amm85.fr\/index.php\/navigations\/2024-2\/le-11-avril-au-tanchet\/"]}]},{"@type":"ImageObject","inLanguage":"fr-FR","@id":"https:\/\/amm85.fr\/index.php\/navigations\/2024-2\/le-11-avril-au-tanchet\/#primaryimage","url":"https:\/\/amm85.fr\/wp-content\/uploads\/2024\/04\/002.jpg","contentUrl":"https:\/\/amm85.fr\/wp-content\/uploads\/2024\/04\/002.jpg","width":1500,"height":2467},{"@type":"BreadcrumbList","@id":"https:\/\/amm85.fr\/index.php\/navigations\/2024-2\/le-11-avril-au-tanchet\/#breadcrumb","itemListElement":[{"@type":"ListItem","position":1,"name":"Accueil","item":"https:\/\/amm85.fr\/"},{"@type":"ListItem","position":2,"name":"Navigations","item":"https:\/\/amm85.fr\/index.php\/navigations\/"},{"@type":"ListItem","position":3,"name":"2024","item":"https:\/\/amm85.fr\/index.php\/navigations\/2024-2\/"},{"@type":"ListItem","position":4,"name":"Le 11 avril au lac du Tanchet"}]},{"@type":"WebSite","@id":"https:\/\/amm85.fr\/#website","url":"https:\/\/amm85.fr\/","name":"AMM85","description":"Association de mod\u00e9lisme Mothais : naval et  camion. Navigation, construction,  exposition. achards  situ\u00e9 dans la commune des Achards 85150 en Vend\u00e9e","publisher":{"@id":"https:\/\/amm85.fr\/#organization"},"potentialAction":[{"@type":"SearchAction","target":{"@type":"EntryPoint","urlTemplate":"https:\/\/amm85.fr\/?s={search_term_string}"},"query-input":{"@type":"PropertyValueSpecification","valueRequired":true,"valueName":"search_term_string"}}],"inLanguage":"fr-FR"},{"@type":"Organization","@id":"https:\/\/amm85.fr\/#organization","name":"Amicale du mod\u00e9lisme mothais","url":"https:\/\/amm85.fr\/","logo":{"@type":"ImageObject","inLanguage":"fr-FR","@id":"https:\/\/amm85.fr\/#\/schema\/logo\/image\/","url":"","contentUrl":"","caption":"Amicale du mod\u00e9lisme mothais"},"image":{"@id":"https:\/\/amm85.fr\/#\/schema\/logo\/image\/"}}]}},"_links":{"self":[{"href":"https:\/\/amm85.fr\/index.php\/wp-json\/wp\/v2\/pages\/1497","targetHints":{"allow":["GET"]}}],"collection":[{"href":"https:\/\/amm85.fr\/index.php\/wp-json\/wp\/v2\/pages"}],"about":[{"href":"https:\/\/amm85.fr\/index.php\/wp-json\/wp\/v2\/types\/page"}],"author":[{"embeddable":true,"href":"https:\/\/amm85.fr\/index.php\/wp-json\/wp\/v2\/users\/2"}],"replies":[{"embeddable":true,"href":"https:\/\/amm85.fr\/index.php\/wp-json\/wp\/v2\/comments?post=1497"}],"version-history":[{"count":3,"href":"https:\/\/amm85.fr\/index.php\/wp-json\/wp\/v2\/pages\/1497\/revisions"}],"predecessor-version":[{"id":1648,"href":"https:\/\/amm85.fr\/index.php\/wp-json\/wp\/v2\/pages\/1497\/revisions\/1648"}],"up":[{"embeddable":true,"href":"https:\/\/amm85.fr\/index.php\/wp-json\/wp\/v2\/pages\/1509"}],"wp:attachment":[{"href":"https:\/\/amm85.fr\/index.php\/wp-json\/wp\/v2\/media?parent=1497"}],"curies":[{"name":"wp","href":"https:\/\/api.w.org\/{rel}","templated":true}]}}